CRAN Package Check Results for Package panelaggregation

Last updated on 2021-09-22 13:52:55 CEST.

Flavor Version Tinstall Tcheck Ttotal Status Flags
r-devel-linux-x86_64-debian-clang 0.1.1 2.43 31.39 33.82 OK
r-devel-linux-x86_64-debian-gcc 0.1.1 2.04 24.28 26.32 OK
r-devel-linux-x86_64-fedora-clang 0.1.1 49.25 OK
r-devel-linux-x86_64-fedora-gcc 0.1.1 37.77 OK
r-devel-windows-x86_64 0.1.1 4.00 38.00 42.00 OK
r-devel-windows-x86_64-gcc10-UCRT 0.1.1 ERROR
r-patched-linux-x86_64 0.1.1 3.77 29.38 33.15 OK
r-patched-solaris-x86 0.1.1 64.20 OK
r-release-linux-x86_64 0.1.1 2.12 29.49 31.61 OK
r-release-macos-arm64 0.1.1 OK
r-release-macos-x86_64 0.1.1 OK
r-release-windows-ix86+x86_64 0.1.1 5.00 37.00 42.00 OK
r-oldrel-macos-x86_64 0.1.1 OK
r-oldrel-windows-ix86+x86_64 0.1.1 5.00 35.00 40.00 OK

Check Details

Version: 0.1.1
Check: PDF version of manual
Result: WARN
    LaTeX errors when creating PDF version.
    This typically indicates Rd problems.
Flavor: r-devel-windows-x86_64-gcc10-UCRT

Version: 0.1.1
Check: PDF version of manual without hyperrefs or index
Result: ERROR
    Re-running with no redirection of stdout/stderr.
Flavor: r-devel-windows-x86_64-gcc10-UCRT