Last updated on 2023-03-23 11:59:47 CET.
Flavor | Version | Tinstall | Tcheck | Ttotal | Status | Flags |
---|---|---|---|---|---|---|
r-devel-linux-x86_64-debian-clang | 1.0.1 | 243.96 | 35.20 | 279.16 | NOTE | |
r-devel-linux-x86_64-debian-gcc | 1.0.1 | 184.48 | 27.64 | 212.12 | NOTE | |
r-devel-linux-x86_64-fedora-clang | 1.0.1 | 473.18 | NOTE | |||
r-devel-linux-x86_64-fedora-gcc | 1.0.1 | 463.80 | NOTE | |||
r-patched-linux-x86_64 | 1.0.1 | 208.04 | 35.75 | 243.79 | OK | |
r-release-linux-x86_64 | 1.0.1 | 199.07 | 34.24 | 233.31 | OK | |
r-release-macos-arm64 | 1.0.1 | 95.00 | NOTE | |||
r-release-macos-x86_64 | 1.0.1 | 133.00 | NOTE | |||
r-release-windows-x86_64 | 1.0.1 | 198.00 | 163.00 | 361.00 | OK | |
r-oldrel-macos-arm64 | 1.0.1 | 95.00 | NOTE | |||
r-oldrel-macos-x86_64 | 1.0.1 | 138.00 | NOTE | |||
r-oldrel-windows-ix86+x86_64 | 1.0.1 | 578.00 | 109.00 | 687.00 | NOTE |
Version: 1.0.1
Check: C++ specification
Result: NOTE
Specified C++14: please drop specification unless essential
Flavors: r-devel-linux-x86_64-debian-clang, r-devel-linux-x86_64-debian-gcc, r-devel-linux-x86_64-fedora-clang, r-devel-linux-x86_64-fedora-gcc
Version: 1.0.1
Check: installed package size
Result: NOTE
installed size is 14.3Mb
sub-directories of 1Mb or more:
libs 14.0Mb
Flavors: r-release-macos-arm64, r-release-macos-x86_64, r-oldrel-macos-arm64, r-oldrel-macos-x86_64, r-oldrel-windows-ix86+x86_64