CRAN Package Check Results for Package paramlink

Last updated on 2021-12-07 23:54:37 CET.

Flavor Version Tinstall Tcheck Ttotal Status Flags
r-devel-linux-x86_64-debian-clang 1.1-2 15.19 116.87 132.06 OK
r-devel-linux-x86_64-debian-gcc 1.1-2 12.56 87.92 100.48 OK
r-devel-linux-x86_64-fedora-clang 1.1-2 165.14 NOTE
r-devel-linux-x86_64-fedora-gcc 1.1-2 154.12 OK
r-devel-windows-x86_64-new-UL 1.1-2 32.00 149.00 181.00 OK
r-devel-windows-x86_64-new-TK 1.1-2 OK
r-devel-windows-x86_64-old 1.1-2 25.00 94.00 119.00 OK
r-patched-linux-x86_64 1.1-2 18.12 113.70 131.82 OK
r-release-linux-x86_64 1.1-2 15.06 112.08 127.14 OK
r-release-macos-arm64 1.1-2 OK
r-release-macos-x86_64 1.1-2 OK
r-release-windows-ix86+x86_64 1.1-2 21.00 134.00 155.00 OK
r-oldrel-macos-x86_64 1.1-2 OK
r-oldrel-windows-ix86+x86_64 1.1-2 30.00 132.00 162.00 OK

Check Details

Version: 1.1-2
Check: Rd cross-references
Result: NOTE
    Undeclared package ‘Familias’ in Rd xrefs
Flavor: r-devel-linux-x86_64-fedora-clang