CRAN Package Check Results for Package parlitools

Last updated on 2021-11-28 07:50:51 CET.

Flavor Version Tinstall Tcheck Ttotal Status Flags
r-devel-linux-x86_64-debian-clang 0.4.1 OK
r-devel-linux-x86_64-debian-gcc 0.4.1 7.92 61.05 68.97 OK
r-devel-linux-x86_64-fedora-clang 0.4.1 120.91 NOTE
r-devel-linux-x86_64-fedora-gcc 0.4.1 105.79 NOTE
r-devel-windows-x86_64-new-UL 0.4.1 21.00 137.00 158.00 OK
r-devel-windows-x86_64-new-TK 0.4.1 NOTE
r-devel-windows-x86_64-old 0.4.1 12.00 118.00 130.00 OK
r-patched-linux-x86_64 0.4.1 10.29 78.38 88.67 OK
r-patched-solaris-x86 0.4.1 149.20 NOTE --no-vignettes
r-release-linux-x86_64 0.4.1 8.16 78.84 87.00 OK
r-release-macos-arm64 0.4.1 NOTE
r-release-macos-x86_64 0.4.1 NOTE
r-release-windows-ix86+x86_64 0.4.1 20.00 75.00 95.00 OK
r-oldrel-macos-x86_64 0.4.1 NOTE
r-oldrel-windows-ix86+x86_64 0.4.1 21.00 110.00 131.00 OK

Check Details

Version: 0.4.1
Check: data for non-ASCII characters
Result: NOTE
     Note: found 16 marked UTF-8 strings
Flavors: r-devel-linux-x86_64-fedora-clang, r-devel-linux-x86_64-fedora-gcc, r-devel-windows-x86_64-new-TK, r-release-macos-arm64, r-release-macos-x86_64, r-oldrel-macos-x86_64

Version: 0.4.1
Flags: --no-vignettes
Check: data for non-ASCII characters
Result: NOTE
     Note: found 16 marked UTF-8 strings
Flavor: r-patched-solaris-x86