Last updated on 2023-12-11 08:49:12 CET.
Flavor | Version | Tinstall | Tcheck | Ttotal | Status | Flags |
---|---|---|---|---|---|---|
r-devel-linux-x86_64-debian-clang | 1.1.1 | 21.91 | 166.44 | 188.35 | OK | |
r-devel-linux-x86_64-debian-gcc | 1.1.1 | 16.92 | 124.65 | 141.57 | OK | |
r-devel-linux-x86_64-fedora-clang | 1.1.1 | 248.17 | NOTE | |||
r-devel-linux-x86_64-fedora-gcc | 1.1.1 | 255.89 | OK | |||
r-devel-windows-x86_64 | 1.1.1 | 23.00 | 163.00 | 186.00 | OK | |
r-patched-linux-x86_64 | 1.1.1 | 32.28 | 160.29 | 192.57 | OK | |
r-release-linux-x86_64 | 1.1.1 | 20.74 | 158.42 | 179.16 | OK | |
r-release-macos-arm64 | 1.1.1 | 70.00 | OK | |||
r-release-macos-x86_64 | 1.1.1 | 169.00 | OK | |||
r-release-windows-x86_64 | 1.1.1 | 27.00 | 195.00 | 222.00 | OK | |
r-oldrel-macos-arm64 | 1.1.1 | 62.00 | OK | |||
r-oldrel-macos-x86_64 | 1.1.1 | 81.00 | OK | |||
r-oldrel-windows-x86_64 | 1.1.1 | 28.00 | 144.00 | 172.00 | OK |
Version: 1.1.1
Check: Rd cross-references
Result: NOTE
Undeclared packages ‘partykit’, ‘Cubist’, ‘rules’, ‘h2o’, ‘agua’, ‘baguette’, ‘ipred’, ‘dbarts’, ‘lightgbm’, ‘bonsai’, ‘mboost’, ‘mda’, ‘sda’, ‘sparsediscrim’, ‘klaR’, ‘workflows’, ‘brulee’, ‘glmnet’, ‘rstan’, ‘rstanarm’, ‘naivebayes’, ‘plsmod’, ‘pscl’, ‘aorsf’, ‘randomForest’, ‘xrf’, ‘flexsurv’, ‘broom’ in Rd xrefs
Flavor: r-devel-linux-x86_64-fedora-clang