CRAN Package Check Results for Package path.chain

Last updated on 2023-06-03 17:50:32 CEST.

Flavor Version Tinstall Tcheck Ttotal Status Flags
r-devel-linux-x86_64-debian-clang 0.2.0 3.04 36.58 39.62 NOTE
r-devel-linux-x86_64-debian-gcc 0.2.0 2.08 28.96 31.04 NOTE
r-devel-linux-x86_64-fedora-clang 0.2.0 49.57 NOTE
r-devel-linux-x86_64-fedora-gcc 0.2.0 58.19 NOTE
r-devel-windows-x86_64 0.2.0 4.00 51.00 55.00 NOTE
r-patched-linux-x86_64 0.2.0 NOTE
r-release-linux-x86_64 0.2.0 2.84 35.42 38.26 NOTE
r-release-macos-arm64 0.2.0 28.00 NOTE
r-release-macos-x86_64 0.2.0 40.00 NOTE
r-release-windows-x86_64 0.2.0 4.00 57.00 61.00 NOTE
r-oldrel-macos-arm64 0.2.0 23.00 NOTE
r-oldrel-macos-x86_64 0.2.0 31.00 NOTE
r-oldrel-windows-x86_64 0.2.0 6.00 57.00 63.00 NOTE

Check Details

Version: 0.2.0
Check: LazyData
Result: NOTE
     'LazyData' is specified without a 'data' directory
Flavors: r-devel-linux-x86_64-debian-clang, r-devel-linux-x86_64-debian-gcc, r-devel-linux-x86_64-fedora-clang, r-devel-linux-x86_64-fedora-gcc, r-devel-windows-x86_64, r-patched-linux-x86_64, r-release-linux-x86_64, r-release-macos-arm64, r-release-macos-x86_64, r-release-windows-x86_64, r-oldrel-macos-arm64, r-oldrel-macos-x86_64, r-oldrel-windows-x86_64

Version: 0.2.0
Check: dependencies in R code
Result: NOTE
    Namespace in Imports field not imported from: ‘logger’
     All declared Imports should be used.
Flavors: r-devel-linux-x86_64-fedora-clang, r-devel-linux-x86_64-fedora-gcc, r-oldrel-macos-x86_64