Last updated on 2023-01-28 03:55:59 CET.
Flavor | Version | Tinstall | Tcheck | Ttotal | Status | Flags |
---|---|---|---|---|---|---|
r-devel-linux-x86_64-debian-clang | 1.5.3 | 1024.51 | 244.51 | 1269.02 | NOTE | |
r-devel-linux-x86_64-debian-gcc | 1.5.3 | 966.81 | 243.48 | 1210.29 | NOTE | |
r-devel-linux-x86_64-fedora-clang | 1.5.3 | 1603.01 | NOTE | |||
r-devel-linux-x86_64-fedora-gcc | 1.5.3 | 2136.16 | NOTE | |||
r-patched-linux-x86_64 | 1.5.3 | 839.47 | 306.87 | 1146.34 | NOTE | |
r-release-linux-x86_64 | 1.5.3 | 793.29 | 302.39 | 1095.68 | NOTE | |
r-release-macos-arm64 | 1.5.3 | 406.00 | NOTE | |||
r-release-macos-x86_64 | 1.5.3 | 789.00 | NOTE | |||
r-release-windows-x86_64 | 1.5.3 | 758.00 | 392.00 | 1150.00 | NOTE | |
r-oldrel-macos-arm64 | 1.5.3 | 510.00 | NOTE | |||
r-oldrel-macos-x86_64 | 1.5.3 | 543.00 | NOTE | |||
r-oldrel-windows-ix86+x86_64 | 1.5.3 | 1159.00 | 361.00 | 1520.00 | NOTE |
Version: 1.5.3
Check: for GNU extensions in Makefiles
Result: NOTE
GNU make is a SystemRequirements.
Flavors: r-devel-linux-x86_64-debian-clang, r-devel-linux-x86_64-debian-gcc, r-devel-linux-x86_64-fedora-clang, r-devel-linux-x86_64-fedora-gcc, r-patched-linux-x86_64, r-release-linux-x86_64, r-release-macos-arm64, r-release-macos-x86_64, r-release-windows-x86_64, r-oldrel-macos-arm64, r-oldrel-macos-x86_64, r-oldrel-windows-ix86+x86_64
Version: 1.5.3
Check: C++ specification
Result: NOTE
Specified C++14: please update to current default of C++17
Flavors: r-devel-linux-x86_64-debian-gcc, r-devel-linux-x86_64-fedora-clang, r-devel-linux-x86_64-fedora-gcc
Version: 1.5.3
Check: installed package size
Result: NOTE
installed size is 14.3Mb
sub-directories of 1Mb or more:
doc 2.9Mb
libs 10.7Mb
Flavors: r-devel-linux-x86_64-fedora-clang, r-release-macos-arm64, r-release-macos-x86_64, r-release-windows-x86_64, r-oldrel-macos-arm64, r-oldrel-macos-x86_64, r-oldrel-windows-ix86+x86_64
Version: 1.5.3
Check: dependencies in R code
Result: NOTE
Namespace in Imports field not imported from: ‘rstantools’
All declared Imports should be used.
Flavors: r-devel-linux-x86_64-fedora-clang, r-devel-linux-x86_64-fedora-gcc, r-release-macos-arm64, r-release-macos-x86_64, r-oldrel-macos-arm64, r-oldrel-macos-x86_64