CRAN Package Check Results for Package pcFactorStan

Last updated on 2022-01-23 12:05:19 CET.

Flavor Version Tinstall Tcheck Ttotal Status Flags
r-devel-linux-x86_64-debian-clang 1.5.3 1024.74 256.20 1280.94 NOTE
r-devel-linux-x86_64-debian-gcc 1.5.3 931.38 257.77 1189.15 NOTE
r-devel-linux-x86_64-fedora-clang 1.5.3 1900.06 NOTE
r-devel-linux-x86_64-fedora-gcc 1.5.3 1995.11 NOTE
r-devel-windows-x86_64-new-UL 1.5.3 715.00 403.00 1118.00 NOTE
r-devel-windows-x86_64-new-TK 1.5.3 NOTE
r-patched-linux-x86_64 1.5.3 894.11 291.01 1185.12 NOTE
r-release-linux-x86_64 1.5.3 0.02 12.16 12.18 ERROR
r-release-macos-arm64 1.5.3 NOTE
r-release-macos-x86_64 1.5.3 NOTE
r-release-windows-ix86+x86_64 1.5.3 1119.00 369.00 1488.00 NOTE
r-oldrel-macos-x86_64 1.5.3 NOTE
r-oldrel-windows-ix86+x86_64 1.5.3 1121.00 365.00 1486.00 NOTE

Check Details

Version: 1.5.3
Check: for GNU extensions in Makefiles
Result: NOTE
    GNU make is a SystemRequirements.
Flavors: r-devel-linux-x86_64-debian-clang, r-devel-linux-x86_64-debian-gcc, r-devel-linux-x86_64-fedora-clang, r-devel-linux-x86_64-fedora-gcc, r-devel-windows-x86_64-new-UL, r-devel-windows-x86_64-new-TK, r-patched-linux-x86_64, r-release-macos-arm64, r-release-macos-x86_64, r-release-windows-ix86+x86_64, r-oldrel-macos-x86_64, r-oldrel-windows-ix86+x86_64

Version: 1.5.3
Check: installed package size
Result: NOTE
     installed size is 127.9Mb
     sub-directories of 1Mb or more:
     doc 2.9Mb
     libs 124.3Mb
Flavors: r-devel-linux-x86_64-fedora-clang, r-devel-windows-x86_64-new-UL, r-release-macos-arm64, r-release-macos-x86_64, r-release-windows-ix86+x86_64, r-oldrel-macos-x86_64, r-oldrel-windows-ix86+x86_64

Version: 1.5.3
Check: dependencies in R code
Result: NOTE
    Namespace in Imports field not imported from: ‘rstantools’
     All declared Imports should be used.
Flavors: r-devel-linux-x86_64-fedora-clang, r-devel-linux-x86_64-fedora-gcc, r-devel-windows-x86_64-new-TK, r-release-macos-arm64, r-release-macos-x86_64, r-oldrel-macos-x86_64

Version: 1.5.3
Check: whether package can be installed
Result: ERROR
    Installation failed.
Flavor: r-release-linux-x86_64