CRAN Package Check Results for Package pca3d

Last updated on 2021-12-07 23:54:38 CET.

Flavor Version Tinstall Tcheck Ttotal Status Flags
r-devel-linux-x86_64-debian-clang 0.10.2 3.58 56.82 60.40 OK
r-devel-linux-x86_64-debian-gcc 0.10.2 3.04 45.14 48.18 OK
r-devel-linux-x86_64-fedora-clang 0.10.2 73.83 WARN
r-devel-linux-x86_64-fedora-gcc 0.10.2 62.47 WARN
r-devel-windows-x86_64-new-UL 0.10.2 10.00 137.00 147.00 OK
r-devel-windows-x86_64-new-TK 0.10.2 OK
r-devel-windows-x86_64-old 0.10.2 9.00 64.00 73.00 OK
r-patched-linux-x86_64 0.10.2 6.95 54.45 61.40 OK
r-release-linux-x86_64 0.10.2 3.48 53.75 57.23 OK
r-release-macos-arm64 0.10.2 OK
r-release-macos-x86_64 0.10.2 OK
r-release-windows-ix86+x86_64 0.10.2 6.00 76.00 82.00 OK
r-oldrel-macos-x86_64 0.10.2 OK
r-oldrel-windows-ix86+x86_64 0.10.2 9.00 74.00 83.00 OK

Check Details

Version: 0.10.2
Check: re-building of vignette outputs
Result: WARN
    Error(s) in re-building vignettes:
    --- re-building ‘pca3d.rmd’ using rmarkdown
    ! Undefined control sequence.
    <argument> \z
    
    Error: processing vignette 'pca3d.rmd' failed with diagnostics:
    LaTeX failed to compile /data/gannet/ripley/R/packages/tests-clang/pca3d.Rcheck/vign_test/pca3d/vignettes/pca3d.tex. See https://yihui.org/tinytex/r/#debugging for debugging tips. See pca3d.log for more info.
    --- failed re-building ‘pca3d.rmd’
    
    SUMMARY: processing the following file failed:
     ‘pca3d.rmd’
    
    Error: Vignette re-building failed.
    Execution halted
Flavor: r-devel-linux-x86_64-fedora-clang

Version: 0.10.2
Check: re-building of vignette outputs
Result: WARN
    Error(s) in re-building vignettes:
    --- re-building ‘pca3d.rmd’ using rmarkdown
    ! Undefined control sequence.
    <argument> \z
     @
    l.109 \begin{abstract}
    
    Error: processing vignette 'pca3d.rmd' failed with diagnostics:
    LaTeX failed to compile /data/gannet/ripley/R/packages/tests-devel/pca3d.Rcheck/vign_test/pca3d/vignettes/pca3d.tex. See https://yihui.org/tinytex/r/#debugging for debugging tips. See pca3d.log for more info.
    --- failed re-building ‘pca3d.rmd’
    
    SUMMARY: processing the following file failed:
     ‘pca3d.rmd’
    
    Error: Vignette re-building failed.
    Execution halted
Flavor: r-devel-linux-x86_64-fedora-gcc