CRAN Package Check Results for Package pccc

Last updated on 2023-03-31 16:53:56 CEST.

Flavor Version Tinstall Tcheck Ttotal Status Flags
r-devel-linux-x86_64-debian-clang 1.0.5 51.87 67.79 119.66 NOTE
r-devel-linux-x86_64-debian-gcc 1.0.5 48.36 52.33 100.69 NOTE
r-devel-linux-x86_64-fedora-clang 1.0.5 161.60 NOTE
r-devel-linux-x86_64-fedora-gcc 1.0.5 169.56 NOTE
r-devel-windows-x86_64 1.0.5 55.00 0.00 55.00 NOTE
r-patched-linux-x86_64 1.0.5 37.17 63.04 100.21 NOTE
r-release-linux-x86_64 1.0.5 46.18 66.50 112.68 OK
r-release-macos-arm64 1.0.5 53.00 OK
r-release-macos-x86_64 1.0.5 95.00 NOTE
r-release-windows-x86_64 1.0.5 47.00 121.00 168.00 OK
r-oldrel-macos-arm64 1.0.5 57.00 NOTE
r-oldrel-macos-x86_64 1.0.5 95.00 NOTE
r-oldrel-windows-ix86+x86_64 1.0.5 110.00 133.00 243.00 OK

Check Details

Version: 1.0.5
Check: C++ specification
Result: NOTE
     Specified C++11: please drop specification unless essential
Flavors: r-devel-linux-x86_64-debian-clang, r-devel-linux-x86_64-debian-gcc, r-devel-linux-x86_64-fedora-clang, r-devel-linux-x86_64-fedora-gcc, r-devel-windows-x86_64, r-patched-linux-x86_64

Version: 1.0.5
Check: installed package size
Result: NOTE
     installed size is 6.1Mb
     sub-directories of 1Mb or more:
     libs 4.3Mb
Flavors: r-release-macos-x86_64, r-oldrel-macos-arm64, r-oldrel-macos-x86_64