Last updated on 2023-05-28 16:57:56 CEST.
Flavor | Version | Tinstall | Tcheck | Ttotal | Status | Flags |
---|---|---|---|---|---|---|
r-devel-linux-x86_64-debian-clang | 0.1.6 | 34.29 | 291.25 | 325.54 | OK | |
r-devel-linux-x86_64-debian-gcc | 0.1.6 | 31.17 | 217.31 | 248.48 | OK | |
r-devel-linux-x86_64-fedora-clang | 0.1.6 | 439.94 | OK | |||
r-devel-linux-x86_64-fedora-gcc | 0.1.6 | 415.27 | OK | |||
r-devel-windows-x86_64 | 0.1.6 | 32.00 | 268.00 | 300.00 | OK | |
r-patched-linux-x86_64 | 0.1.6 | 41.21 | 280.81 | 322.02 | OK | |
r-release-linux-x86_64 | 0.1.6 | 27.07 | 279.50 | 306.57 | OK | |
r-release-macos-arm64 | 0.1.6 | 113.00 | OK | |||
r-release-macos-x86_64 | 0.1.5 | 199.00 | NOTE | |||
r-release-windows-x86_64 | 0.1.6 | 40.00 | 329.00 | 369.00 | OK | |
r-oldrel-macos-arm64 | 0.1.6 | 184.00 | NOTE | |||
r-oldrel-macos-x86_64 | 0.1.6 | 259.00 | OK | |||
r-oldrel-windows-x86_64 | 0.1.6 | 40.00 | 246.00 | 286.00 | OK |
Version: 0.1.5
Check: installed package size
Result: NOTE
installed size is 5.3Mb
sub-directories of 1Mb or more:
R 2.0Mb
doc 1.7Mb
help 1.3Mb
Flavor: r-release-macos-x86_64
Version: 0.1.6
Check: installed package size
Result: NOTE
installed size is 5.3Mb
sub-directories of 1Mb or more:
R 2.0Mb
doc 1.7Mb
help 1.3Mb
Flavor: r-oldrel-macos-arm64