Last updated on 2023-09-25 05:01:32 CEST.
Flavor | Version | Tinstall | Tcheck | Ttotal | Status | Flags |
---|---|---|---|---|---|---|
r-devel-linux-x86_64-debian-clang | 0.9.9 | 3.73 | 48.80 | 52.53 | OK | |
r-devel-linux-x86_64-debian-gcc | 0.9.9 | 2.30 | 38.27 | 40.57 | OK | |
r-devel-linux-x86_64-fedora-clang | 0.9.9 | 65.77 | NOTE | |||
r-devel-linux-x86_64-fedora-gcc | 0.9.9 | 74.71 | NOTE | |||
r-devel-windows-x86_64 | 0.9.9 | 6.00 | 68.00 | 74.00 | OK | |
r-patched-linux-x86_64 | 0.9.9 | 2.35 | 46.29 | 48.64 | OK | |
r-release-linux-x86_64 | 0.9.9 | 3.33 | 46.80 | 50.13 | OK | |
r-release-macos-arm64 | 0.9.9 | 42.00 | OK | |||
r-release-macos-x86_64 | 0.9.9 | 65.00 | OK | |||
r-release-windows-x86_64 | 0.9.9 | 7.00 | 74.00 | 81.00 | OK | |
r-oldrel-macos-arm64 | 0.9.9 | 36.00 | OK | |||
r-oldrel-macos-x86_64 | 0.9.9 | 40.00 | OK | |||
r-oldrel-windows-x86_64 | 0.9.9 | 8.00 | 72.00 | 80.00 | OK |
Version: 0.9.9
Check: data for non-ASCII characters
Result: NOTE
Note: found 11 marked UTF-8 strings
Flavors: r-devel-linux-x86_64-fedora-clang, r-devel-linux-x86_64-fedora-gcc