CRAN Package Check Results for Package pdfCluster

Last updated on 2021-09-26 00:48:49 CEST.

Flavor Version Tinstall Tcheck Ttotal Status Flags
r-devel-linux-x86_64-debian-clang 1.0-3 8.67 53.14 61.81 OK
r-devel-linux-x86_64-debian-gcc 1.0-3 5.51 40.23 45.74 OK
r-devel-linux-x86_64-fedora-clang 1.0-3 81.85 NOTE
r-devel-linux-x86_64-fedora-gcc 1.0-3 71.04 OK
r-devel-windows-x86_64 1.0-3 11.00 62.00 73.00 OK
r-devel-windows-x86_64-gcc10-UCRT 1.0-3 OK
r-patched-linux-x86_64 1.0-3 8.29 50.81 59.10 OK
r-patched-solaris-x86 1.0-3 106.00 OK
r-release-linux-x86_64 1.0-3 5.94 51.00 56.94 OK
r-release-macos-arm64 1.0-3 OK
r-release-macos-x86_64 1.0-3 OK
r-release-windows-ix86+x86_64 1.0-3 21.00 80.00 101.00 OK
r-oldrel-macos-x86_64 1.0-3 OK
r-oldrel-windows-ix86+x86_64 1.0-3 15.00 80.00 95.00 OK

Check Details

Version: 1.0-3
Check: Rd cross-references
Result: NOTE
    Undeclared packages ‘sm’, ‘spdep’ in Rd xrefs
Flavor: r-devel-linux-x86_64-fedora-clang