CRAN Package Check Results for Package pdist

Last updated on 2024-06-12 16:56:52 CEST.

Flavor Version Tinstall Tcheck Ttotal Status Flags
r-devel-linux-x86_64-debian-clang 1.2.1 2.56 22.80 25.36 OK
r-devel-linux-x86_64-debian-gcc 1.2.1 2.08 18.32 20.40 OK
r-devel-linux-x86_64-fedora-clang 1.2.1 33.12 NOTE
r-devel-linux-x86_64-fedora-gcc 1.2.1 30.76 NOTE
r-devel-windows-x86_64 1.2.1 5.00 40.00 45.00 OK
r-patched-linux-x86_64 1.2.1 1.91 22.43 24.34 OK
r-release-linux-x86_64 1.2.1 2.39 22.35 24.74 OK
r-release-macos-arm64 1.2.1 16.00 OK
r-release-macos-x86_64 1.2.1 22.00 OK
r-release-windows-x86_64 1.2.1 4.00 41.00 45.00 OK
r-oldrel-macos-arm64 1.2.1 17.00 OK
r-oldrel-macos-x86_64 1.2.1 24.00 OK
r-oldrel-windows-x86_64 1.2.1 5.00 40.00 45.00 OK

Check Details

Version: 1.2.1
Check: compiled code
Result: NOTE File ‘pdist/libs/pdist.so’: Found no calls to: ‘R_registerRoutines’, ‘R_useDynamicSymbols’ It is good practice to register native routines and to disable symbol search. See ‘Writing portable packages’ in the ‘Writing R Extensions’ manual. Flavors: r-devel-linux-x86_64-fedora-clang, r-devel-linux-x86_64-fedora-gcc