CRAN Package Check Results for Package pedquant

Last updated on 2021-12-05 11:49:40 CET.

Flavor Version Tinstall Tcheck Ttotal Status Flags
r-devel-linux-x86_64-debian-clang 0.1.7 13.76 98.02 111.78 OK
r-devel-linux-x86_64-debian-gcc 0.1.7 10.14 74.57 84.71 OK
r-devel-linux-x86_64-fedora-clang 0.1.7 135.65 NOTE
r-devel-linux-x86_64-fedora-gcc 0.1.7 121.91 NOTE
r-devel-windows-x86_64-new-UL 0.1.7 28.00 138.00 166.00 OK
r-devel-windows-x86_64-new-TK 0.1.7 NOTE
r-devel-windows-x86_64-old 0.1.7 26.00 82.00 108.00 OK
r-patched-linux-x86_64 0.1.7 14.03 84.63 98.66 OK
r-release-linux-x86_64 0.1.7 10.10 93.61 103.71 OK
r-release-macos-arm64 0.1.7 NOTE
r-release-macos-x86_64 0.1.7 NOTE
r-release-windows-ix86+x86_64 0.1.7 30.00 113.00 143.00 OK
r-oldrel-macos-x86_64 0.1.7 NOTE
r-oldrel-windows-ix86+x86_64 0.1.7 29.00 108.00 137.00 OK

Check Details

Version: 0.1.7
Check: data for non-ASCII characters
Result: NOTE
     Note: found 7506 marked UTF-8 strings
Flavors: r-devel-linux-x86_64-fedora-clang, r-devel-linux-x86_64-fedora-gcc, r-devel-windows-x86_64-new-TK, r-release-macos-arm64, r-release-macos-x86_64, r-oldrel-macos-x86_64