CRAN Package Check Results for Package performance

Last updated on 2021-10-23 00:49:03 CEST.

Flavor Version Tinstall Tcheck Ttotal Status Flags
r-devel-linux-x86_64-debian-clang 0.8.0 17.47 192.02 209.49 OK
r-devel-linux-x86_64-debian-gcc 0.8.0 13.99 139.36 153.35 OK
r-devel-linux-x86_64-fedora-clang 0.8.0 271.76 NOTE
r-devel-linux-x86_64-fedora-gcc 0.8.0 256.35 OK
r-devel-windows-x86_64 0.8.0 25.00 284.00 309.00 OK
r-devel-windows-x86_64-gcc10-UCRT 0.8.0 NOTE
r-patched-linux-x86_64 0.8.0 14.97 187.25 202.22 OK
r-patched-solaris-x86 0.8.0 227.80 NOTE
r-release-linux-x86_64 0.8.0 14.13 185.08 199.21 OK
r-release-macos-arm64 0.8.0 OK
r-release-macos-x86_64 0.8.0 OK
r-release-windows-ix86+x86_64 0.8.0 20.00 223.00 243.00 OK
r-oldrel-macos-x86_64 0.8.0 OK
r-oldrel-windows-ix86+x86_64 0.8.0 27.00 240.00 267.00 OK

Check Details

Version: 0.8.0
Check: Rd cross-references
Result: NOTE
    Undeclared package ‘bayesplot’ in Rd xrefs
Flavor: r-devel-linux-x86_64-fedora-clang

Version: 0.8.0
Check: package dependencies
Result: NOTE
    Packages suggested but not available for checking: 'brms', 'rstanarm'
Flavor: r-devel-windows-x86_64-gcc10-UCRT

Version: 0.8.0
Check: package dependencies
Result: NOTE
    Package suggested but not available for checking: ‘glmmTMB’
Flavor: r-patched-solaris-x86