CRAN Package Check Results for Package pgTools

Last updated on 2022-01-26 23:50:27 CET.

Flavor Version Tinstall Tcheck Ttotal Status Flags
r-devel-linux-x86_64-debian-clang 0.1.0 3.35 43.77 47.12 NOTE
r-devel-linux-x86_64-debian-gcc 0.1.0 2.99 33.18 36.17 NOTE
r-devel-linux-x86_64-fedora-clang 0.1.0 58.16 NOTE
r-devel-linux-x86_64-fedora-gcc 0.1.0 47.12 NOTE
r-devel-windows-x86_64-new-UL 0.1.0 39.00 72.00 111.00 NOTE
r-devel-windows-x86_64-new-TK 0.1.0 NOTE
r-patched-linux-x86_64 0.1.0 3.41 42.08 45.49 NOTE
r-release-linux-x86_64 0.1.0 3.84 40.87 44.71 NOTE
r-release-macos-arm64 0.1.0 NOTE
r-release-macos-x86_64 0.1.0 NOTE
r-release-windows-ix86+x86_64 0.1.0 8.00 53.00 61.00 NOTE
r-oldrel-macos-x86_64 0.1.0 OK
r-oldrel-windows-ix86+x86_64 0.1.0 9.00 54.00 63.00 OK

Check Details

Version: 0.1.0
Check: LazyData
Result: NOTE
     'LazyData' is specified without a 'data' directory
Flavors: r-devel-linux-x86_64-debian-clang, r-devel-linux-x86_64-debian-gcc, r-devel-linux-x86_64-fedora-clang, r-devel-linux-x86_64-fedora-gcc, r-devel-windows-x86_64-new-UL, r-devel-windows-x86_64-new-TK, r-patched-linux-x86_64, r-release-linux-x86_64, r-release-macos-arm64, r-release-macos-x86_64, r-release-windows-ix86+x86_64