Last updated on 2023-10-03 01:04:59 CEST.
Flavor | Version | Tinstall | Tcheck | Ttotal | Status | Flags |
---|---|---|---|---|---|---|
r-devel-linux-x86_64-debian-clang | 0.0.0.3 | 57.68 | 268.11 | 325.79 | OK | |
r-devel-linux-x86_64-debian-gcc | 0.0.0.3 | 46.16 | 197.74 | 243.90 | OK | |
r-devel-linux-x86_64-fedora-clang | 0.0.0.3 | 408.55 | NOTE | |||
r-devel-linux-x86_64-fedora-gcc | 0.0.0.3 | 397.24 | NOTE | |||
r-devel-windows-x86_64 | 0.0.0.3 | 47.00 | 202.00 | 249.00 | NOTE | |
r-patched-linux-x86_64 | 0.0.0.3 | 48.87 | 255.56 | 304.43 | OK | |
r-release-linux-x86_64 | 0.0.0.3 | 49.75 | 257.31 | 307.06 | OK | |
r-release-macos-arm64 | 0.0.0.3 | 99.00 | NOTE | |||
r-release-macos-x86_64 | 0.0.0.3 | 144.00 | NOTE | |||
r-release-windows-x86_64 | 0.0.0.3 | 63.00 | 242.00 | 305.00 | NOTE | |
r-oldrel-macos-arm64 | 0.0.0.3 | 92.00 | NOTE | |||
r-oldrel-macos-x86_64 | 0.0.0.3 | 189.00 | NOTE | |||
r-oldrel-windows-x86_64 | 0.0.0.3 | 62.00 | 237.00 | 299.00 | NOTE |
Version: 0.0.0.3
Check: package dependencies
Result: NOTE
Imports includes 38 non-default packages.
Importing from so many packages makes the package vulnerable to any of
them becoming unavailable. Move as many as possible to Suggests and
use conditionally.
Flavor: r-devel-linux-x86_64-fedora-clang
Version: 0.0.0.3
Check: installed package size
Result: NOTE
installed size is 6.5Mb
sub-directories of 1Mb or more:
application 5.0Mb
Flavors: r-devel-linux-x86_64-fedora-clang, r-devel-windows-x86_64, r-release-macos-arm64, r-release-macos-x86_64, r-release-windows-x86_64, r-oldrel-macos-arm64, r-oldrel-macos-x86_64, r-oldrel-windows-x86_64
Version: 0.0.0.3
Check: dependencies in R code
Result: NOTE
Namespaces in Imports field not imported from:
‘rJava’ ‘shinyWidgets’ ‘shinydashboard’ ‘shinyjs’
All declared Imports should be used.
Flavors: r-devel-linux-x86_64-fedora-clang, r-devel-linux-x86_64-fedora-gcc, r-oldrel-macos-arm64, r-oldrel-macos-x86_64