CRAN Package Check Results for Package phacking

Last updated on 2024-03-05 00:51:52 CET.

Flavor Version Tinstall Tcheck Ttotal Status Flags
r-devel-linux-x86_64-debian-clang 0.2.1 145.28 280.34 425.62 NOTE
r-devel-linux-x86_64-debian-gcc 0.2.1 155.72 292.83 448.55 NOTE
r-devel-linux-x86_64-fedora-clang 0.2.1 552.31 NOTE
r-devel-linux-x86_64-fedora-gcc 0.2.1 746.62 NOTE
r-devel-windows-x86_64 0.2.1 137.00 272.00 409.00 NOTE
r-patched-linux-x86_64 0.2.1 133.94 380.57 514.51 NOTE
r-release-linux-x86_64 0.2.1 136.41 385.21 521.62 NOTE
r-release-macos-arm64 0.2.1 111.00 NOTE
r-release-macos-x86_64 0.2.1 249.00 NOTE
r-release-windows-x86_64 0.2.1 173.00 339.00 512.00 NOTE
r-oldrel-macos-arm64 0.2.1 110.00 NOTE
r-oldrel-windows-x86_64 0.2.1 161.00 338.00 499.00 NOTE

Check Details

Version: 0.2.1
Check: for GNU extensions in Makefiles
Result: NOTE GNU make is a SystemRequirements. Flavors: r-devel-linux-x86_64-debian-clang, r-devel-linux-x86_64-debian-gcc, r-devel-linux-x86_64-fedora-clang, r-devel-linux-x86_64-fedora-gcc, r-devel-windows-x86_64, r-patched-linux-x86_64, r-release-linux-x86_64, r-release-macos-arm64, r-release-macos-x86_64, r-release-windows-x86_64, r-oldrel-macos-arm64, r-oldrel-windows-x86_64

Version: 0.2.1
Check: installed package size
Result: NOTE installed size is 34.0Mb sub-directories of 1Mb or more: libs 33.7Mb Flavors: r-release-macos-arm64, r-release-macos-x86_64, r-oldrel-macos-arm64