CRAN Package Check Results for Package pharmaversesdtm

Last updated on 2024-03-01 07:52:57 CET.

Flavor Version Tinstall Tcheck Ttotal Status Flags
r-devel-linux-x86_64-debian-clang 0.2.0 13.50 39.07 52.57 OK
r-devel-linux-x86_64-debian-gcc 0.2.0 11.86 32.13 43.99 OK
r-devel-linux-x86_64-fedora-clang 0.2.0 69.27 NOTE
r-devel-linux-x86_64-fedora-gcc 0.2.0 71.98 NOTE
r-devel-windows-x86_64 0.2.0 21.00 63.00 84.00 OK
r-patched-linux-x86_64 0.2.0 14.22 39.39 53.61 OK
r-release-linux-x86_64 0.2.0 12.95 39.27 52.22 OK
r-release-macos-arm64 0.2.0 39.00 OK
r-release-macos-x86_64 0.2.0 99.00 OK
r-release-windows-x86_64 0.2.0 23.00 73.00 96.00 OK
r-oldrel-macos-arm64 0.2.0 39.00 OK
r-oldrel-windows-x86_64 0.2.0 30.00 72.00 102.00 OK

Check Details

Version: 0.2.0
Check: data for non-ASCII characters
Result: NOTE Note: found 3 marked UTF-8 strings Flavors: r-devel-linux-x86_64-fedora-clang, r-devel-linux-x86_64-fedora-gcc