Last updated on 2023-10-02 05:06:46 CEST.
Flavor | Version | Tinstall | Tcheck | Ttotal | Status | Flags |
---|---|---|---|---|---|---|
r-devel-linux-x86_64-debian-clang | 1.0.2 | 9.88 | 79.79 | 89.67 | OK | |
r-devel-linux-x86_64-debian-gcc | 1.0.2 | 7.32 | 58.07 | 65.39 | OK | |
r-devel-linux-x86_64-fedora-clang | 1.0.2 | 106.69 | NOTE | |||
r-devel-linux-x86_64-fedora-gcc | 1.0.2 | 102.85 | OK | |||
r-devel-windows-x86_64 | 1.0.2 | 10.00 | 78.00 | 88.00 | OK | |
r-patched-linux-x86_64 | 1.0.2 | 7.32 | 73.33 | 80.65 | OK | |
r-release-linux-x86_64 | 1.0.2 | 7.92 | 74.55 | 82.47 | OK | |
r-release-macos-arm64 | 1.0.2 | 32.00 | OK | |||
r-release-macos-x86_64 | 1.0.2 | 57.00 | NOTE | |||
r-release-windows-x86_64 | 1.0.2 | 14.00 | 87.00 | 101.00 | OK | |
r-oldrel-macos-arm64 | 1.0.2 | 41.00 | OK | |||
r-oldrel-macos-x86_64 | 1.0.2 | 49.00 | OK | |||
r-oldrel-windows-x86_64 | 1.0.2 | 17.00 | 95.00 | 112.00 | OK |
Version: 1.0.2
Check: Rd cross-references
Result: NOTE
Undeclared package ‘phase1RMD’ in Rd xrefs
Flavor: r-devel-linux-x86_64-fedora-clang
Version: 1.0.2
Check: Rd cross-references
Result: NOTE
Package unavailable to check Rd xrefs: ‘phase1RMD’
Flavor: r-release-macos-x86_64