CRAN Package Check Results for Package pheatmap

Last updated on 2024-06-22 16:49:10 CEST.

Flavor Version Tinstall Tcheck Ttotal Status Flags
r-devel-linux-x86_64-debian-clang 1.0.12 5.34 40.59 45.93 NOTE
r-devel-linux-x86_64-debian-gcc 1.0.12 4.00 30.19 34.19 NOTE
r-devel-linux-x86_64-fedora-clang 1.0.12 59.33 NOTE
r-devel-linux-x86_64-fedora-gcc 1.0.12 52.39 NOTE
r-devel-windows-x86_64 1.0.12 5.00 48.00 53.00 OK
r-patched-linux-x86_64 1.0.12 8.09 38.52 46.61 NOTE
r-release-linux-x86_64 1.0.12 4.99 37.50 42.49 NOTE
r-release-macos-arm64 1.0.12 20.00 OK
r-release-macos-x86_64 1.0.12 36.00 OK
r-release-windows-x86_64 1.0.12 4.00 49.00 53.00 OK
r-oldrel-macos-arm64 1.0.12 20.00 OK
r-oldrel-macos-x86_64 1.0.12 29.00 OK
r-oldrel-windows-x86_64 1.0.12 6.00 54.00 60.00 OK

Check Details

Version: 1.0.12
Check: for non-standard things in the check directory
Result: NOTE Found the following files/directories: ‘test.pdf’ Flavors: r-devel-linux-x86_64-debian-clang, r-devel-linux-x86_64-debian-gcc, r-devel-linux-x86_64-fedora-clang, r-devel-linux-x86_64-fedora-gcc, r-patched-linux-x86_64, r-release-linux-x86_64