CRAN Package Check Results for Package pheno

Last updated on 2023-06-05 21:59:14 CEST.

Flavor Version Tinstall Tcheck Ttotal Status Flags
r-devel-linux-x86_64-debian-clang 1.7-0 12.93 84.93 97.86 NOTE
r-devel-linux-x86_64-debian-gcc 1.7-0 8.61 66.37 74.98 NOTE
r-devel-linux-x86_64-fedora-clang 1.7-0 121.76 NOTE
r-devel-linux-x86_64-fedora-gcc 1.7-0 117.05 NOTE
r-devel-windows-x86_64 1.7-0 12.00 85.00 97.00 NOTE
r-patched-linux-x86_64 1.7-0 10.22 82.76 92.98 NOTE
r-release-linux-x86_64 1.7-0 9.65 82.86 92.51 NOTE
r-release-macos-arm64 1.7-0 42.00 NOTE
r-release-macos-x86_64 1.7-0 62.00 NOTE
r-release-windows-x86_64 1.7-0 17.00 100.00 117.00 NOTE
r-oldrel-macos-arm64 1.7-0 39.00 OK
r-oldrel-macos-x86_64 1.7-0 53.00 OK
r-oldrel-windows-x86_64 1.7-0 14.00 102.00 116.00 OK

Check Details

Version: 1.7-0
Check: Rd files
Result: NOTE
    checkRd: (-1) connectedSets.Rd:27: Escaped LaTeX specials: \_ \_
    checkRd: (-1) connectedSets.Rd:29: Escaped LaTeX specials: \_ \_
    checkRd: (-1) connectedSets.Rd:31: Escaped LaTeX specials: \_ \_
    checkRd: (-1) maxConnectedSet.Rd:35: Escaped LaTeX specials: \_ \_ \_ \_ \_ \_ \_ \_
    checkRd: (-1) maxConnectedSet.Rd:37: Escaped LaTeX specials: \_ \_ \_ \_ \_ \_ \_ \_ \_ \_
    checkRd: (-1) maxConnectedSet.Rd:39: Escaped LaTeX specials: \_ \_ \_ \_ \_ \_ \_ \_ \_ \_
    checkRd: (-1) maxConnectedSet.Rd:41: Escaped LaTeX specials: \_ \_ \_ \_ \_ \_ \_ \_ \_ \_
    checkRd: (-1) maxConnectedSet.Rd:45: Escaped LaTeX specials: \_ \_ \_ \_ \_ \_ \_ \_ \_ \_
    checkRd: (-1) maxConnectedSet.Rd:47: Escaped LaTeX specials: \_ \_
Flavors: r-devel-linux-x86_64-debian-clang, r-devel-linux-x86_64-debian-gcc, r-devel-linux-x86_64-fedora-clang, r-devel-linux-x86_64-fedora-gcc, r-devel-windows-x86_64, r-patched-linux-x86_64, r-release-linux-x86_64, r-release-macos-arm64, r-release-macos-x86_64, r-release-windows-x86_64