CRAN Package Check Results for Package phenoCDM

Last updated on 2021-10-16 16:49:30 CEST.

Flavor Version Tinstall Tcheck Ttotal Status Flags
r-devel-linux-x86_64-debian-clang 0.1.3 2.62 37.55 40.17 NOTE
r-devel-linux-x86_64-debian-gcc 0.1.3 1.89 28.27 30.16 NOTE
r-devel-linux-x86_64-fedora-clang 0.1.3 59.94 NOTE
r-devel-linux-x86_64-fedora-gcc 0.1.3 48.92 NOTE
r-devel-windows-x86_64 0.1.3 5.00 45.00 50.00 NOTE
r-devel-windows-x86_64-gcc10-UCRT 0.1.3 NOTE
r-patched-linux-x86_64 0.1.3 2.80 35.97 38.77 NOTE
r-patched-solaris-x86 0.1.3 109.70 NOTE
r-release-linux-x86_64 0.1.3 2.29 35.98 38.27 NOTE
r-release-macos-arm64 0.1.3 NOTE
r-release-macos-x86_64 0.1.3 NOTE
r-release-windows-ix86+x86_64 0.1.3 7.00 60.00 67.00 NOTE
r-oldrel-macos-x86_64 0.1.3 OK
r-oldrel-windows-ix86+x86_64 0.1.3 7.00 67.00 74.00 OK

Check Details

Version: 0.1.3
Check: LazyData
Result: NOTE
     'LazyData' is specified without a 'data' directory
Flavors: r-devel-linux-x86_64-debian-clang, r-devel-linux-x86_64-debian-gcc, r-devel-linux-x86_64-fedora-clang, r-devel-linux-x86_64-fedora-gcc, r-devel-windows-x86_64, r-devel-windows-x86_64-gcc10-UCRT, r-patched-linux-x86_64, r-patched-solaris-x86, r-release-linux-x86_64, r-release-macos-arm64, r-release-macos-x86_64, r-release-windows-ix86+x86_64