Last updated on 2023-10-01 21:03:11 CEST.
Flavor | Version | Tinstall | Tcheck | Ttotal | Status | Flags |
---|---|---|---|---|---|---|
r-devel-linux-x86_64-debian-clang | 9.0 | 24.97 | 183.49 | 208.46 | OK | |
r-devel-linux-x86_64-debian-gcc | 9.0 | 22.53 | 133.12 | 155.65 | OK | |
r-devel-linux-x86_64-fedora-clang | 9.0 | 256.12 | OK | |||
r-devel-linux-x86_64-fedora-gcc | 9.0 | 244.92 | OK | |||
r-devel-windows-x86_64 | 9.0 | 24.00 | 161.00 | 185.00 | OK | |
r-patched-linux-x86_64 | 9.0 | 26.29 | 172.64 | 198.93 | OK | |
r-release-linux-x86_64 | 9.0 | 22.77 | 174.10 | 196.87 | OK | |
r-release-macos-arm64 | 9.0 | 100.00 | OK | |||
r-release-macos-x86_64 | 9.0 | 143.00 | NOTE | |||
r-release-windows-x86_64 | 9.0 | 32.00 | 198.00 | 230.00 | OK | |
r-oldrel-macos-arm64 | 9.0 | 115.00 | OK | |||
r-oldrel-macos-x86_64 | 9.0 | 138.00 | OK | |||
r-oldrel-windows-x86_64 | 9.0 | 31.00 | 177.00 | 208.00 | OK |
Version: 9.0
Check: package dependencies
Result: NOTE
Package suggested but not available for checking: ‘car’
Flavor: r-release-macos-x86_64