Last updated on 2023-10-03 09:08:25 CEST.
Flavor | Version | Tinstall | Tcheck | Ttotal | Status | Flags |
---|---|---|---|---|---|---|
r-devel-linux-x86_64-debian-clang | 0.0.11 | 8.77 | 68.12 | 76.89 | NOTE | |
r-devel-linux-x86_64-debian-gcc | 0.0.11 | 5.40 | 52.13 | 57.53 | NOTE | |
r-devel-linux-x86_64-fedora-clang | 0.0.11 | 93.27 | NOTE | |||
r-devel-linux-x86_64-fedora-gcc | 0.0.11 | 104.99 | NOTE | |||
r-devel-windows-x86_64 | 0.0.11 | 8.00 | 82.00 | 90.00 | NOTE | |
r-patched-linux-x86_64 | 0.0.11 | 7.53 | 66.45 | 73.98 | NOTE | |
r-release-linux-x86_64 | 0.0.11 | 7.54 | 67.41 | 74.95 | NOTE | |
r-release-macos-arm64 | 0.0.11 | 42.00 | NOTE | |||
r-release-macos-x86_64 | 0.0.11 | 57.00 | NOTE | |||
r-release-windows-x86_64 | 0.0.11 | 10.00 | 85.00 | 95.00 | NOTE | |
r-oldrel-macos-arm64 | 0.0.11 | 32.00 | NOTE | |||
r-oldrel-macos-x86_64 | 0.0.11 | 45.00 | NOTE | |||
r-oldrel-windows-x86_64 | 0.0.11 | 10.00 | 91.00 | 101.00 | NOTE |
Version: 0.0.11
Check: LazyData
Result: NOTE
'LazyData' is specified without a 'data' directory
Flavors: r-devel-linux-x86_64-debian-clang, r-devel-linux-x86_64-debian-gcc, r-devel-linux-x86_64-fedora-clang, r-devel-linux-x86_64-fedora-gcc, r-devel-windows-x86_64, r-patched-linux-x86_64, r-release-linux-x86_64, r-release-macos-arm64, r-release-macos-x86_64, r-release-windows-x86_64, r-oldrel-macos-arm64, r-oldrel-macos-x86_64, r-oldrel-windows-x86_64
Version: 0.0.11
Check: package dependencies
Result: NOTE
Package suggested but not available for checking: ‘lingtypology’
Flavor: r-release-macos-x86_64