CRAN Package Check Results for Package phylogram

Last updated on 2021-10-26 20:51:03 CEST.

Flavor Version Tinstall Tcheck Ttotal Status Flags
r-devel-linux-x86_64-debian-clang 2.1.0 3.66 41.33 44.99 NOTE
r-devel-linux-x86_64-debian-gcc 2.1.0 2.90 31.66 34.56 NOTE
r-devel-linux-x86_64-fedora-clang 2.1.0 65.45 NOTE
r-devel-linux-x86_64-fedora-gcc 2.1.0 53.32 NOTE
r-devel-windows-x86_64 2.1.0 7.00 66.00 73.00 NOTE
r-devel-windows-x86_64-gcc10-UCRT 2.1.0 NOTE
r-patched-linux-x86_64 2.1.0 3.76 39.07 42.83 NOTE
r-patched-solaris-x86 2.1.0 84.40 NOTE
r-release-linux-x86_64 2.1.0 3.20 38.77 41.97 NOTE
r-release-macos-arm64 2.1.0 NOTE
r-release-macos-x86_64 2.1.0 NOTE
r-release-windows-ix86+x86_64 2.1.0 6.00 68.00 74.00 NOTE
r-oldrel-macos-x86_64 2.1.0 OK
r-oldrel-windows-ix86+x86_64 2.1.0 11.00 66.00 77.00 OK

Check Details

Version: 2.1.0
Check: LazyData
Result: NOTE
     'LazyData' is specified without a 'data' directory
Flavors: r-devel-linux-x86_64-debian-clang, r-devel-linux-x86_64-debian-gcc, r-devel-linux-x86_64-fedora-clang, r-devel-linux-x86_64-fedora-gcc, r-devel-windows-x86_64, r-devel-windows-x86_64-gcc10-UCRT, r-patched-linux-x86_64, r-patched-solaris-x86, r-release-linux-x86_64, r-release-macos-arm64, r-release-macos-x86_64, r-release-windows-ix86+x86_64