Last updated on 2023-06-10 20:59:37 CEST.
Flavor | Version | Tinstall | Tcheck | Ttotal | Status | Flags |
---|---|---|---|---|---|---|
r-devel-linux-x86_64-debian-clang | 0.1.0 | 29.12 | 292.98 | 322.10 | NOTE | |
r-devel-linux-x86_64-debian-gcc | 0.1.0 | 26.08 | 217.73 | 243.81 | NOTE | |
r-devel-linux-x86_64-fedora-clang | 0.1.0 | 391.06 | NOTE | |||
r-devel-linux-x86_64-fedora-gcc | 0.1.0 | 391.44 | NOTE | |||
r-devel-windows-x86_64 | 0.1.0 | 25.00 | 196.00 | 221.00 | NOTE | |
r-patched-linux-x86_64 | 0.1.0 | 23.20 | 277.02 | 300.22 | NOTE | |
r-release-linux-x86_64 | 0.1.0 | 23.76 | 272.35 | 296.11 | NOTE | |
r-release-macos-arm64 | 0.1.0 | 7.00 | ERROR | |||
r-release-macos-x86_64 | 0.1.0 | 7.00 | ERROR | |||
r-release-windows-x86_64 | 0.1.0 | 33.00 | 252.00 | 285.00 | NOTE | |
r-oldrel-macos-arm64 | 0.1.0 | 88.00 | NOTE | |||
r-oldrel-macos-x86_64 | 0.1.0 | 174.00 | NOTE | |||
r-oldrel-windows-x86_64 | 0.1.0 | 34.00 | 245.00 | 279.00 | NOTE |
Version: 0.1.0
Check: LazyData
Result: NOTE
'LazyData' is specified without a 'data' directory
Flavors: r-devel-linux-x86_64-debian-clang, r-devel-linux-x86_64-debian-gcc, r-devel-linux-x86_64-fedora-clang, r-devel-linux-x86_64-fedora-gcc, r-devel-windows-x86_64, r-patched-linux-x86_64, r-release-linux-x86_64, r-release-windows-x86_64, r-oldrel-macos-arm64, r-oldrel-macos-x86_64, r-oldrel-windows-x86_64
Version: 0.1.0
Check: dependencies in R code
Result: NOTE
Namespace in Imports field not imported from: ‘intergraph’
All declared Imports should be used.
Flavors: r-devel-linux-x86_64-fedora-clang, r-devel-linux-x86_64-fedora-gcc, r-oldrel-macos-arm64, r-oldrel-macos-x86_64
Version: 0.1.0
Check: package dependencies
Result: ERROR
Package required but not available: ‘phyloseq’
See section ‘The DESCRIPTION file’ in the ‘Writing R Extensions’
manual.
Flavors: r-release-macos-arm64, r-release-macos-x86_64