Last updated on 2023-03-27 12:54:30 CEST.
Flavor | Version | Tinstall | Tcheck | Ttotal | Status | Flags |
---|---|---|---|---|---|---|
r-devel-linux-x86_64-debian-clang | 1.1.0 | 158.20 | 178.71 | 336.91 | NOTE | |
r-devel-linux-x86_64-debian-gcc | 1.1.0 | 137.30 | 132.56 | 269.86 | NOTE | |
r-devel-linux-x86_64-fedora-clang | 1.1.0 | 703.36 | OK | |||
r-devel-linux-x86_64-fedora-gcc | 1.1.0 | 722.25 | OK | |||
r-patched-linux-x86_64 | 1.1.0 | 142.57 | 167.81 | 310.38 | NOTE | |
r-release-linux-x86_64 | 1.1.0 | 114.31 | 160.68 | 274.99 | NOTE | |
r-release-macos-arm64 | 1.1.0 | 116.00 | NOTE | |||
r-release-macos-x86_64 | 1.1.0 | 183.00 | NOTE | |||
r-release-windows-x86_64 | 1.1.0 | 150.00 | 222.00 | 372.00 | NOTE | |
r-oldrel-macos-arm64 | 1.1.0 | 140.00 | NOTE | |||
r-oldrel-macos-x86_64 | 1.1.0 | 196.00 | NOTE | |||
r-oldrel-windows-ix86+x86_64 | 1.1.0 | 375.00 | 253.00 | 628.00 | NOTE |
Version: 1.1.0
Check: package dependencies
Result: NOTE
Package suggested but not available for checking: ‘INLA’
Flavors: r-devel-linux-x86_64-debian-clang, r-devel-linux-x86_64-debian-gcc, r-patched-linux-x86_64, r-release-linux-x86_64, r-release-macos-arm64, r-release-macos-x86_64, r-release-windows-x86_64, r-oldrel-macos-arm64, r-oldrel-macos-x86_64
Version: 1.1.0
Check: installed package size
Result: NOTE
installed size is 12.7Mb
sub-directories of 1Mb or more:
doc 2.0Mb
libs 10.2Mb
Flavors: r-release-macos-arm64, r-release-macos-x86_64, r-oldrel-macos-arm64, r-oldrel-macos-x86_64, r-oldrel-windows-ix86+x86_64