CRAN Package Check Results for Package piRF

Last updated on 2023-06-03 17:50:33 CEST.

Flavor Version Tinstall Tcheck Ttotal Status Flags
r-devel-linux-x86_64-debian-clang 0.1.0 3.44 45.86 49.30 NOTE
r-devel-linux-x86_64-debian-gcc 0.1.0 2.39 35.52 37.91 NOTE
r-devel-linux-x86_64-fedora-clang 0.1.0 61.39 NOTE
r-devel-linux-x86_64-fedora-gcc 0.1.0 57.60 NOTE
r-devel-windows-x86_64 0.1.0 4.00 57.00 61.00 NOTE
r-patched-linux-x86_64 0.1.0 NOTE
r-release-linux-x86_64 0.1.0 3.33 44.43 47.76 NOTE
r-release-macos-arm64 0.1.0 23.00 NOTE
r-release-macos-x86_64 0.1.0 33.00 NOTE
r-release-windows-x86_64 0.1.0 5.00 59.00 64.00 NOTE
r-oldrel-macos-arm64 0.1.0 24.00 OK
r-oldrel-macos-x86_64 0.1.0 31.00 OK
r-oldrel-windows-x86_64 0.1.0 5.00 62.00 67.00 OK

Check Details

Version: 0.1.0
Check: package subdirectories
Result: NOTE
    Problems with news in ‘NEWS.md’:
    No news entries found.
Flavors: r-devel-linux-x86_64-debian-clang, r-devel-linux-x86_64-debian-gcc, r-devel-linux-x86_64-fedora-clang, r-devel-linux-x86_64-fedora-gcc, r-devel-windows-x86_64, r-patched-linux-x86_64, r-release-linux-x86_64, r-release-macos-arm64, r-release-macos-x86_64, r-release-windows-x86_64