CRAN Package Check Results for Package picR

Last updated on 2024-06-12 20:59:08 CEST.

Flavor Version Tinstall Tcheck Ttotal Status Flags
r-devel-linux-x86_64-debian-clang 1.0.0 2.19 27.17 29.36 OK
r-devel-linux-x86_64-debian-gcc 1.0.0 1.75 17.87 19.62 ERROR
r-devel-linux-x86_64-fedora-clang 1.0.0 37.46 OK
r-devel-linux-x86_64-fedora-gcc 1.0.0 34.94 OK
r-devel-windows-x86_64 1.0.0 2.00 42.00 44.00 OK
r-patched-linux-x86_64 1.0.0 2.41 26.49 28.90 OK
r-release-linux-x86_64 1.0.0 2.06 25.63 27.69 OK
r-release-macos-arm64 1.0.0 16.00 OK
r-release-macos-x86_64 1.0.0 23.00 OK
r-release-windows-x86_64 1.0.0 3.00 43.00 46.00 OK
r-oldrel-macos-arm64 1.0.0 18.00 OK
r-oldrel-macos-x86_64 1.0.0 22.00 OK
r-oldrel-windows-x86_64 1.0.0 4.00 45.00 49.00 OK

Check Details

Version: 1.0.0
Check: package dependencies
Result: NOTE Packages suggested but not available for checking: 'testthat', 'dplyr' Flavor: r-devel-linux-x86_64-debian-gcc

Version: 1.0.0
Check: examples
Result: ERROR Running examples in ‘picR-Ex.R’ failed The error most likely occurred in: > base::assign(".ptime", proc.time(), pos = "CheckExEnv") > ### Name: PIC.mlm > ### Title: PIC method for Multivariable Linear Models > ### Aliases: PIC.mlm > > ### ** Examples > > require(dplyr, quietly = TRUE) > data(iris) > > # Fit a bivariable regression model > mod <- lm(cbind(Sepal.Length, Sepal.Width) ~ ., data = iris) > class(mod) [1] "mlm" "lm" > > # Hypothetical validation data > set.seed(1) > vdat <- iris[sample(1:nrow(iris), 10),] > > # tPIC, completely unobserved response data > PIC(object = mod, newdata = vdat %>% dplyr::mutate(Sepal.Length = NA, Sepal.Width = NA)) Error in vdat %>% dplyr::mutate(Sepal.Length = NA, Sepal.Width = NA) : could not find function "%>%" Calls: PIC -> PIC.mlm Execution halted Flavor: r-devel-linux-x86_64-debian-gcc

Version: 1.0.0
Check: tests
Result: ERROR Running ‘testthat.R’ [0s/1s] Running the tests in ‘tests/testthat.R’ failed. Complete output: > library(testthat) Error in library(testthat) : there is no package called 'testthat' Execution halted Flavor: r-devel-linux-x86_64-debian-gcc