CRAN Package Check Results for Package piecepackr

Last updated on 2023-06-10 04:55:54 CEST.

Flavor Version Tinstall Tcheck Ttotal Status Flags
r-devel-linux-x86_64-debian-clang 1.13.1 28.50 183.52 212.02 OK
r-devel-linux-x86_64-debian-gcc 1.13.1 26.42 135.48 161.90 OK
r-devel-linux-x86_64-fedora-clang 1.13.1 271.14 NOTE
r-devel-linux-x86_64-fedora-gcc 1.13.1 266.49 NOTE
r-devel-windows-x86_64 1.13.1 24.00 134.00 158.00 OK
r-patched-linux-x86_64 1.13.1 30.35 171.11 201.46 OK
r-release-linux-x86_64 1.13.1 25.33 170.12 195.45 OK
r-release-macos-arm64 1.13.1 67.00 OK
r-release-macos-x86_64 1.13.1 116.00 OK
r-release-windows-x86_64 1.13.1 33.00 170.00 203.00 OK
r-oldrel-macos-arm64 1.13.1 57.00 OK
r-oldrel-macos-x86_64 1.13.1 91.00 OK
r-oldrel-windows-x86_64 1.13.1 32.00 162.00 194.00 OK

Check Details

Version: 1.13.1
Check: data for non-ASCII characters
Result: NOTE
     Note: found 3 marked UTF-8 strings
Flavors: r-devel-linux-x86_64-fedora-clang, r-devel-linux-x86_64-fedora-gcc