CRAN Package Check Results for Package pillar

Last updated on 2021-10-23 00:49:03 CEST.

Flavor Version Tinstall Tcheck Ttotal Status Flags
r-devel-linux-x86_64-debian-clang 1.6.4 7.14 100.29 107.43 OK
r-devel-linux-x86_64-debian-gcc 1.6.4 5.80 75.25 81.05 OK
r-devel-linux-x86_64-fedora-clang 1.6.4 140.54 OK
r-devel-linux-x86_64-fedora-gcc 1.6.4 128.78 OK
r-devel-windows-x86_64 1.6.4 7.00 113.00 120.00 OK
r-devel-windows-x86_64-gcc10-UCRT 1.6.4 NOTE
r-patched-linux-x86_64 1.6.4 9.01 97.85 106.86 OK
r-patched-solaris-x86 1.6.4 161.30 OK
r-release-linux-x86_64 1.6.4 6.04 97.36 103.40 OK
r-release-macos-arm64 1.6.3 OK
r-release-macos-x86_64 1.6.4 OK
r-release-windows-ix86+x86_64 1.6.3 10.00 114.00 124.00 WARN
r-oldrel-macos-x86_64 1.6.4 OK
r-oldrel-windows-ix86+x86_64 1.6.4 10.00 76.00 86.00 OK

Check Details

Version: 1.6.4
Check: package dependencies
Result: NOTE
    Package suggested but not available for checking: 'DiagrammeR'
Flavor: r-devel-windows-x86_64-gcc10-UCRT

Version: 1.6.3
Check: re-building of vignette outputs
Result: WARN
    Error(s) in re-building vignettes:
    --- re-building 'debugme.Rmd' using rmarkdown
    --- finished re-building 'debugme.Rmd'
    
    --- re-building 'digits.Rmd' using rmarkdown
    --- finished re-building 'digits.Rmd'
    
    --- re-building 'extending.Rmd' using rmarkdown
    --- finished re-building 'extending.Rmd'
    
    --- re-building 'numbers.Rmd' using rmarkdown
    Quitting from lines 131-156 (numbers.Rmd)
    Error: processing vignette 'numbers.Rmd' failed with diagnostics:
    attempt to use zero-length variable name
    --- failed re-building 'numbers.Rmd'
    
    --- re-building 'printing.Rmd' using rmarkdown
    --- finished re-building 'printing.Rmd'
    
    SUMMARY: processing the following file failed:
     'numbers.Rmd'
    
    Error: Vignette re-building failed.
    Execution halted
Flavor: r-release-windows-ix86+x86_64