CRAN Package Check Results for Package pitchRx

Last updated on 2021-11-29 07:51:18 CET.

Flavor Version Tinstall Tcheck Ttotal Status Flags
r-devel-linux-x86_64-debian-clang 1.8.2 NOTE
r-devel-linux-x86_64-debian-gcc 1.8.2 9.67 81.48 91.15 NOTE
r-devel-linux-x86_64-fedora-clang 1.8.2 157.31 NOTE
r-devel-linux-x86_64-fedora-gcc 1.8.2 139.56 NOTE
r-devel-windows-x86_64-new-UL 1.8.2 24.00 141.00 165.00 NOTE
r-devel-windows-x86_64-new-TK 1.8.2 NOTE
r-devel-windows-x86_64-old 1.8.2 14.00 109.00 123.00 NOTE
r-patched-linux-x86_64 1.8.2 12.59 98.95 111.54 NOTE
r-patched-solaris-x86 1.8.2 200.90 NOTE
r-release-linux-x86_64 1.8.2 14.00 100.15 114.15 NOTE
r-release-macos-arm64 1.8.2 NOTE
r-release-macos-x86_64 1.8.2 NOTE
r-release-windows-ix86+x86_64 1.8.2 28.00 125.00 153.00 NOTE
r-oldrel-macos-x86_64 1.8.2 NOTE
r-oldrel-windows-ix86+x86_64 1.8.2 43.00 130.00 173.00 NOTE

Check Details

Version: 1.8.2
Check: package dependencies
Result: NOTE
    Package suggested but not available for checking: 'ggsubplot'
Flavors: r-devel-linux-x86_64-debian-clang, r-devel-linux-x86_64-debian-gcc, r-devel-linux-x86_64-fedora-clang, r-devel-linux-x86_64-fedora-gcc, r-devel-windows-x86_64-new-UL, r-devel-windows-x86_64-new-TK, r-devel-windows-x86_64-old, r-patched-linux-x86_64, r-patched-solaris-x86, r-release-linux-x86_64, r-release-macos-arm64, r-release-macos-x86_64, r-release-windows-ix86+x86_64, r-oldrel-macos-x86_64, r-oldrel-windows-ix86+x86_64