Last updated on 2023-02-04 20:53:48 CET.
Flavor | Version | Tinstall | Tcheck | Ttotal | Status | Flags |
---|---|---|---|---|---|---|
r-devel-linux-x86_64-debian-clang | 0.2.3 | 13.65 | 171.29 | 184.94 | NOTE | |
r-devel-linux-x86_64-debian-gcc | 0.2.3 | 10.12 | 126.93 | 137.05 | NOTE | |
r-devel-linux-x86_64-fedora-clang | 0.2.3 | 224.43 | NOTE | |||
r-devel-linux-x86_64-fedora-gcc | 0.2.3 | 245.68 | NOTE | |||
r-devel-windows-x86_64 | 0.2.3 | 19.00 | 193.00 | 212.00 | NOTE | |
r-patched-linux-x86_64 | 0.2.3 | 10.29 | 160.92 | 171.21 | OK | |
r-release-linux-x86_64 | 0.2.3 | 11.06 | 163.86 | 174.92 | OK | |
r-release-macos-arm64 | 0.2.3 | 65.00 | OK | |||
r-release-macos-x86_64 | 0.2.3 | 125.00 | OK | |||
r-release-windows-x86_64 | 0.2.3 | 31.00 | 209.00 | 240.00 | OK | |
r-oldrel-macos-arm64 | 0.2.3 | 92.00 | OK | |||
r-oldrel-macos-x86_64 | 0.2.3 | 110.00 | OK | |||
r-oldrel-windows-ix86+x86_64 | 0.2.3 | 30.00 | 194.00 | 224.00 | OK |
Version: 0.2.3
Check: package subdirectories
Result: NOTE
Problems with news in ‘NEWS.md’:
No news entries found.
Flavors: r-devel-linux-x86_64-debian-clang, r-devel-linux-x86_64-debian-gcc, r-devel-linux-x86_64-fedora-clang, r-devel-linux-x86_64-fedora-gcc, r-devel-windows-x86_64