CRAN Package Check Results for Package plasma

Last updated on 2024-02-24 08:49:45 CET.

Flavor Version Tinstall Tcheck Ttotal Status Flags
r-devel-linux-x86_64-debian-clang 1.0.0 31.42 325.98 357.40 NOTE
r-devel-linux-x86_64-debian-gcc 1.0.0 27.09 238.31 265.40 NOTE
r-devel-linux-x86_64-fedora-clang 1.0.0 431.13 OK
r-devel-linux-x86_64-fedora-gcc 1.0.0 421.04 OK
r-devel-windows-x86_64 1.0.0 28.00 246.00 274.00 OK
r-patched-linux-x86_64 1.0.0 28.30 311.55 339.85 OK
r-release-linux-x86_64 1.0.0 26.73 309.74 336.47 OK
r-release-macos-arm64 1.0.0 159.00 OK
r-release-macos-x86_64 1.0.0 254.00 OK
r-release-windows-x86_64 1.0.0 38.00 316.00 354.00 OK
r-oldrel-macos-arm64 1.0.0 107.00 OK
r-oldrel-windows-x86_64 1.0.0 38.00 314.00 352.00 OK

Check Details

Version: 1.0.0
Check: Rd files
Result: NOTE checkRd: (-1) 01-TCGA-ESCA-data.Rd:47: Lost braces in \enumerate; meant \describe ? checkRd: (-1) 01-TCGA-ESCA-data.Rd:48: Lost braces in \enumerate; meant \describe ? checkRd: (-1) 01-TCGA-ESCA-data.Rd:49-51: Lost braces in \enumerate; meant \describe ? checkRd: (-1) 01-TCGA-ESCA-data.Rd:52-55: Lost braces in \enumerate; meant \describe ? checkRd: (-1) 01-TCGA-ESCA-data.Rd:56-58: Lost braces in \enumerate; meant \describe ? checkRd: (-1) 01-TCGA-ESCA-data.Rd:59-62: Lost braces in \enumerate; meant \describe ? checkRd: (-1) 01-TCGA-ESCA-data.Rd:63-64: Lost braces in \enumerate; meant \describe ? checkRd: (-1) 02-fitCoxModel.Rd:87: Lost braces; missing escapes or markup? 87 | returns the value on which it was invoked. The {summary} method | ^ Flavors: r-devel-linux-x86_64-debian-clang, r-devel-linux-x86_64-debian-gcc