CRAN Package Check Results for Package plogr

Last updated on 2024-03-03 04:48:44 CET.

Flavor Version Tinstall Tcheck Ttotal Status Flags
r-devel-linux-x86_64-debian-clang 0.2.0 1.75 31.57 33.32 NOTE
r-devel-linux-x86_64-debian-gcc 0.2.0 1.17 23.34 24.51 NOTE
r-devel-linux-x86_64-fedora-clang 0.2.0 45.65 NOTE
r-devel-linux-x86_64-fedora-gcc 0.2.0 40.21 NOTE
r-devel-windows-x86_64 0.2.0 3.00 77.00 80.00 NOTE
r-patched-linux-x86_64 0.2.0 1.73 30.79 32.52 NOTE
r-release-linux-x86_64 0.2.0 1.54 30.80 32.34 NOTE
r-release-macos-arm64 0.2.0 21.00 NOTE
r-release-macos-x86_64 0.2.0 25.00 NOTE
r-release-windows-x86_64 0.2.0 4.00 53.00 57.00 NOTE
r-oldrel-macos-arm64 0.2.0 19.00 NOTE
r-oldrel-windows-x86_64 0.2.0 3.00 54.00 57.00 NOTE

Check Details

Version: 0.2.0
Check: LazyData
Result: NOTE 'LazyData' is specified without a 'data' directory Flavors: r-devel-linux-x86_64-debian-clang, r-devel-linux-x86_64-debian-gcc, r-devel-linux-x86_64-fedora-clang, r-devel-linux-x86_64-fedora-gcc, r-devel-windows-x86_64, r-patched-linux-x86_64, r-release-linux-x86_64, r-release-macos-arm64, r-release-macos-x86_64, r-release-windows-x86_64, r-oldrel-macos-arm64, r-oldrel-windows-x86_64