CRAN Package Check Results for Package plotGMM

Last updated on 2021-10-24 08:52:03 CEST.

Flavor Version Tinstall Tcheck Ttotal Status Flags
r-devel-linux-x86_64-debian-clang 0.2.2 2.14 39.27 41.41 NOTE
r-devel-linux-x86_64-debian-gcc 0.2.2 1.61 28.58 30.19 NOTE
r-devel-linux-x86_64-fedora-clang 0.2.2 59.33 NOTE
r-devel-linux-x86_64-fedora-gcc 0.2.2 48.38 NOTE
r-devel-windows-x86_64 0.2.2 4.00 58.00 62.00 NOTE
r-devel-windows-x86_64-gcc10-UCRT 0.2.2 NOTE
r-patched-linux-x86_64 0.2.2 2.22 35.89 38.11 NOTE
r-patched-solaris-x86 0.2.2 77.90 NOTE
r-release-linux-x86_64 0.2.2 1.89 36.66 38.55 NOTE
r-release-macos-arm64 0.2.2 NOTE
r-release-macos-x86_64 0.2.2 NOTE
r-release-windows-ix86+x86_64 0.2.2 4.00 61.00 65.00 NOTE
r-oldrel-macos-x86_64 0.2.2 OK
r-oldrel-windows-ix86+x86_64 0.2.2 8.00 60.00 68.00 OK

Check Details

Version: 0.2.2
Check: LazyData
Result: NOTE
     'LazyData' is specified without a 'data' directory
Flavors: r-devel-linux-x86_64-debian-clang, r-devel-linux-x86_64-debian-gcc, r-devel-linux-x86_64-fedora-clang, r-devel-linux-x86_64-fedora-gcc, r-devel-windows-x86_64, r-devel-windows-x86_64-gcc10-UCRT, r-patched-linux-x86_64, r-patched-solaris-x86, r-release-linux-x86_64, r-release-macos-arm64, r-release-macos-x86_64, r-release-windows-ix86+x86_64