Last updated on 2023-09-27 21:01:31 CEST.
Flavor | Version | Tinstall | Tcheck | Ttotal | Status | Flags |
---|---|---|---|---|---|---|
r-devel-linux-x86_64-debian-clang | 0.1.9 | 9.05 | 76.97 | 86.02 | NOTE | |
r-devel-linux-x86_64-debian-gcc | 0.1.9 | 7.26 | 56.38 | 63.64 | NOTE | |
r-devel-linux-x86_64-fedora-clang | 0.1.9 | 109.59 | NOTE | |||
r-devel-linux-x86_64-fedora-gcc | 0.1.9 | 108.32 | NOTE | |||
r-devel-windows-x86_64 | 0.1.9 | 11.00 | 76.00 | 87.00 | NOTE | |
r-patched-linux-x86_64 | 0.1.9 | 10.70 | 71.39 | 82.09 | NOTE | |
r-release-linux-x86_64 | 0.1.9 | 7.16 | 71.82 | 78.98 | NOTE | |
r-release-macos-arm64 | 0.1.9 | 34.00 | NOTE | |||
r-release-macos-x86_64 | 0.1.9 | 52.00 | NOTE | |||
r-release-windows-x86_64 | 0.1.9 | 13.00 | 86.00 | 99.00 | NOTE | |
r-oldrel-macos-arm64 | 0.1.9 | 29.00 | NOTE | |||
r-oldrel-macos-x86_64 | 0.1.9 | 58.00 | NOTE | |||
r-oldrel-windows-x86_64 | 0.1.9 | 13.00 | 85.00 | 98.00 | NOTE |
Version: 0.1.9
Check: LazyData
Result: NOTE
'LazyData' is specified without a 'data' directory
Flavors: r-devel-linux-x86_64-debian-clang, r-devel-linux-x86_64-debian-gcc, r-devel-linux-x86_64-fedora-clang, r-devel-linux-x86_64-fedora-gcc, r-devel-windows-x86_64, r-patched-linux-x86_64, r-release-linux-x86_64, r-release-macos-arm64, r-release-macos-x86_64, r-release-windows-x86_64, r-oldrel-macos-arm64, r-oldrel-macos-x86_64, r-oldrel-windows-x86_64