CRAN Package Check Results for Package pls

Last updated on 2023-01-29 03:55:22 CET.

Flavor Version Tinstall Tcheck Ttotal Status Flags
r-devel-linux-x86_64-debian-clang 2.8-1 5.23 72.30 77.53 OK
r-devel-linux-x86_64-debian-gcc 2.8-1 5.54 54.02 59.56 OK
r-devel-linux-x86_64-fedora-clang 2.8-1 97.10 NOTE
r-devel-linux-x86_64-fedora-gcc 2.8-1 106.18 OK
r-patched-linux-x86_64 2.8-1 7.64 64.83 72.47 OK
r-release-linux-x86_64 2.8-1 8.03 64.50 72.53 OK
r-release-macos-arm64 2.8-1 35.00 NOTE
r-release-macos-x86_64 2.8-1 50.00 NOTE
r-release-windows-x86_64 2.8-1 36.00 109.00 145.00 OK
r-oldrel-macos-arm64 2.8-1 34.00 NOTE
r-oldrel-macos-x86_64 2.8-1 49.00 NOTE
r-oldrel-windows-ix86+x86_64 2.8-1 12.00 95.00 107.00 OK

Check Details

Version: 2.8-1
Check: Rd cross-references
Result: NOTE
    Undeclared package ‘sm’ in Rd xrefs
Flavor: r-devel-linux-x86_64-fedora-clang

Version: 2.8-1
Check: package dependencies
Result: NOTE
    Package suggested but not available for checking: ‘Rmpi’
Flavors: r-release-macos-arm64, r-release-macos-x86_64, r-oldrel-macos-arm64, r-oldrel-macos-x86_64