CRAN Package Check Results for Package pls

Last updated on 2023-12-06 07:50:24 CET.

Flavor Version Tinstall Tcheck Ttotal Status Flags
r-devel-linux-x86_64-debian-clang 2.8-3 6.32 71.12 77.44 OK
r-devel-linux-x86_64-debian-gcc 2.8-3 5.35 54.22 59.57 OK
r-devel-linux-x86_64-fedora-clang 2.8-3 95.69 NOTE
r-devel-linux-x86_64-fedora-gcc 2.8-3 104.80 OK
r-devel-windows-x86_64 2.8-3 7.00 95.00 102.00 OK
r-patched-linux-x86_64 2.8-3 8.08 69.10 77.18 OK
r-release-linux-x86_64 2.8-3 6.38 69.07 75.45 OK
r-release-macos-arm64 2.8-3 50.00 NOTE
r-release-macos-x86_64 2.8-3 173.00 NOTE
r-release-windows-x86_64 2.8-3 9.00 99.00 108.00 OK
r-oldrel-macos-arm64 2.8-3 41.00 NOTE
r-oldrel-macos-x86_64 2.8-2 60.00 NOTE
r-oldrel-windows-x86_64 2.8-3 9.00 92.00 101.00 OK

Check Details

Version: 2.8-3
Check: Rd cross-references
Result: NOTE Undeclared package ‘sm’ in Rd xrefs Flavor: r-devel-linux-x86_64-fedora-clang

Version: 2.8-3
Check: package dependencies
Result: NOTE Package suggested but not available for checking: ‘Rmpi’ Flavors: r-release-macos-arm64, r-release-macos-x86_64, r-oldrel-macos-arm64

Version: 2.8-2
Check: package dependencies
Result: NOTE Package suggested but not available for checking: ‘Rmpi’ Flavor: r-oldrel-macos-x86_64