Last updated on 2023-12-05 07:48:41 CET.
Flavor | Version | Tinstall | Tcheck | Ttotal | Status | Flags |
---|---|---|---|---|---|---|
r-devel-linux-x86_64-debian-clang | 0.1.1 | 15.72 | 92.57 | 108.29 | NOTE | |
r-devel-linux-x86_64-debian-gcc | 0.1.1 | 12.35 | 66.46 | 78.81 | NOTE | |
r-devel-linux-x86_64-fedora-clang | 0.1.1 | 145.03 | OK | |||
r-devel-linux-x86_64-fedora-gcc | 0.1.1 | 150.03 | OK | |||
r-devel-windows-x86_64 | 0.1.1 | 13.00 | 86.00 | 99.00 | OK | |
r-patched-linux-x86_64 | 0.1.1 | 11.06 | 84.14 | 95.20 | OK | |
r-release-linux-x86_64 | 0.1.1 | 9.91 | 84.69 | 94.60 | OK | |
r-release-macos-arm64 | 0.1.1 | 46.00 | OK | |||
r-release-macos-x86_64 | 0.1.1 | 83.00 | OK | |||
r-release-windows-x86_64 | 0.1.1 | 19.00 | 98.00 | 117.00 | OK | |
r-oldrel-macos-arm64 | 0.1.1 | 40.00 | OK | |||
r-oldrel-macos-x86_64 | 0.1.1 | 51.00 | OK | |||
r-oldrel-windows-x86_64 | 0.1.1 | 18.00 | 98.00 | 116.00 | OK |
Version: 0.1.1
Check: Rd files
Result: NOTE
checkRd: (-1) get_code.Rd:28: Lost braces; missing escapes or markup?
28 | \item{input}{Internal parameter for {shiny}}
| ^
checkRd: (-1) get_derived_parms_code.Rd:19: Lost braces; missing escapes or markup?
19 | \item{input}{Internal parameter for {shiny}}
| ^
checkRd: (-1) get_init_code.Rd:10: Lost braces; missing escapes or markup?
10 | \item{input}{Internal parameter for {shiny}}
| ^
checkRd: (-1) get_mrg_parms_code.Rd:10: Lost braces; missing escapes or markup?
10 | \item{input}{Internal parameter for {shiny}}
| ^
checkRd: (-1) get_mrgsolve_code.Rd:27: Lost braces; missing escapes or markup?
27 | \item{input}{Internal parameter for {shiny}}
| ^
checkRd: (-1) get_ncmts.Rd:10: Lost braces; missing escapes or markup?
10 | \item{input}{Internal parameter for {shiny}}
| ^
checkRd: (-1) get_nonmem_code.Rd:28: Lost braces; missing escapes or markup?
28 | \item{input}{Internal parameter for {shiny}}
| ^
checkRd: (-1) get_parms_code.Rd:10: Lost braces; missing escapes or markup?
10 | \item{input}{Internal parameter for {shiny}}
| ^
checkRd: (-1) get_preamble_code.Rd:11: Lost braces; missing escapes or markup?
11 | \item{input}{Internal parameter for {shiny}}
| ^
checkRd: (-1) get_scaling_code.Rd:10: Lost braces; missing escapes or markup?
10 | \item{input}{Internal parameter for {shiny}}
| ^
checkRd: (-1) new_model_server.Rd:10: Lost braces; missing escapes or markup?
10 | \item{input, output, session}{Internal parameters for {shiny}.}
| ^
checkRd: (-1) replace_abbreviated.Rd:10: Lost braces; missing escapes or markup?
10 | \item{input}{Internal parameter for {shiny}}
| ^
checkRd: (-1) replace_data.Rd:10: Lost braces; missing escapes or markup?
10 | \item{input}{Internal parameter for {shiny}}
| ^
checkRd: (-1) replace_des.Rd:10: Lost braces; missing escapes or markup?
10 | \item{input}{Internal parameter for {shiny}}
| ^
checkRd: (-1) replace_error.Rd:20: Lost braces; missing escapes or markup?
20 | \item{input}{Internal parameter for {shiny}}
| ^
checkRd: (-1) replace_input.Rd:10: Lost braces; missing escapes or markup?
10 | \item{input}{Internal parameter for {shiny}}
| ^
checkRd: (-1) replace_model.Rd:10: Lost braces; missing escapes or markup?
10 | \item{input}{Internal parameter for {shiny}}
| ^
checkRd: (-1) replace_mrg_capture.Rd:10: Lost braces; missing escapes or markup?
10 | \item{input}{Internal parameter for {shiny}}
| ^
checkRd: (-1) replace_mrg_cmt.Rd:10: Lost braces; missing escapes or markup?
10 | \item{input}{Internal parameter for {shiny}}
| ^
checkRd: (-1) replace_mrg_global.Rd:10: Lost braces; missing escapes or markup?
10 | \item{input}{Internal parameter for {shiny}}
| ^
checkRd: (-1) replace_mrg_main_pred.Rd:22: Lost braces; missing escapes or markup?
22 | \item{input}{Internal parameter for {shiny}}
| ^
checkRd: (-1) replace_mrg_ode.Rd:10: Lost braces; missing escapes or markup?
10 | \item{input}{Internal parameter for {shiny}}
| ^
checkRd: (-1) replace_mrg_omega.Rd:10: Lost braces; missing escapes or markup?
10 | \item{input}{Internal parameter for {shiny}}
| ^
checkRd: (-1) replace_mrg_param.Rd:10: Lost braces; missing escapes or markup?
10 | \item{input}{Internal parameter for {shiny}}
| ^
checkRd: (-1) replace_mrg_plugin.Rd:10: Lost braces; missing escapes or markup?
10 | \item{input}{Internal parameter for {shiny}}
| ^
checkRd: (-1) replace_mrg_sigma.Rd:10: Lost braces; missing escapes or markup?
10 | \item{input}{Internal parameter for {shiny}}
| ^
checkRd: (-1) replace_mrg_table.Rd:20: Lost braces; missing escapes or markup?
20 | \item{input}{Internal parameter for {shiny}}
| ^
checkRd: (-1) replace_nmext.Rd:10: Lost braces; missing escapes or markup?
10 | \item{input}{Internal parameter for {shiny}}
| ^
checkRd: (-1) replace_path.Rd:10: Lost braces; missing escapes or markup?
10 | \item{input}{Internal parameter for {shiny}.}
| ^
checkRd: (-1) replace_pk_pred.Rd:23: Lost braces; missing escapes or markup?
23 | \item{input}{Internal parameter for {shiny}}
| ^
checkRd: (-1) replace_prior.Rd:10: Lost braces; missing escapes or markup?
10 | \item{input}{Internal parameter for {shiny}}
| ^
checkRd: (-1) replace_problem.Rd:10: Lost braces; missing escapes or markup?
10 | \item{input}{Internal parameter for {shiny}}
| ^
checkRd: (-1) replace_purpose.Rd:10: Lost braces; missing escapes or markup?
10 | \item{input}{Internal parameter for {shiny}.}
| ^
checkRd: (-1) replace_sigma.Rd:12: Lost braces; missing escapes or markup?
12 | \item{input}{Internal parameter for {shiny}}
| ^
checkRd: (-1) replace_subroutine.Rd:10: Lost braces; missing escapes or markup?
10 | \item{input}{Internal parameter for {shiny}}
| ^
checkRd: (-1) replace_table.Rd:10: Lost braces; missing escapes or markup?
10 | \item{input}{Internal parameter for {shiny}}
| ^
checkRd: (-1) replace_tags.Rd:10: Lost braces; missing escapes or markup?
10 | \item{input}{Internal parameter for {shiny}}
| ^
checkRd: (-1) replace_task.Rd:10: Lost braces; missing escapes or markup?
10 | \item{input}{Internal parameter for {shiny}}
| ^
Flavors: r-devel-linux-x86_64-debian-clang, r-devel-linux-x86_64-debian-gcc