CRAN Package Check Results for Package podr

Last updated on 2021-10-17 16:49:34 CEST.

Flavor Version Tinstall Tcheck Ttotal Status Flags
r-devel-linux-x86_64-debian-clang 0.0.5 6.76 53.44 60.20 WARN
r-devel-linux-x86_64-debian-gcc 0.0.5 4.68 40.06 44.74 WARN
r-devel-linux-x86_64-fedora-clang 0.0.5 81.71 WARN
r-devel-linux-x86_64-fedora-gcc 0.0.5 66.55 WARN
r-devel-windows-x86_64 0.0.5 10.00 99.00 109.00 WARN
r-devel-windows-x86_64-gcc10-UCRT 0.0.5 WARN
r-patched-linux-x86_64 0.0.5 6.43 50.49 56.92 WARN
r-patched-solaris-x86 0.0.5 100.40 NOTE
r-release-linux-x86_64 0.0.5 6.46 50.23 56.69 WARN
r-release-macos-arm64 0.0.5 NOTE
r-release-macos-x86_64 0.0.5 NOTE
r-release-windows-ix86+x86_64 0.0.5 16.00 95.00 111.00 WARN
r-oldrel-macos-x86_64 0.0.5 WARN
r-oldrel-windows-ix86+x86_64 0.0.5 15.00 82.00 97.00 OK

Check Details

Version: 0.0.5
Check: LazyData
Result: NOTE
     'LazyData' is specified without a 'data' directory
Flavors: r-devel-linux-x86_64-debian-clang, r-devel-linux-x86_64-debian-gcc, r-devel-linux-x86_64-fedora-clang, r-devel-linux-x86_64-fedora-gcc, r-devel-windows-x86_64, r-devel-windows-x86_64-gcc10-UCRT, r-patched-linux-x86_64, r-patched-solaris-x86, r-release-linux-x86_64, r-release-macos-arm64, r-release-macos-x86_64, r-release-windows-ix86+x86_64

Version: 0.0.5
Check: re-building of vignette outputs
Result: WARN
    Error(s) in re-building vignettes:
     ...
    --- re-building 'about-podr.Rmd' using rmarkdown
    Quitting from lines 32-37 (about-podr.Rmd)
    Error: processing vignette 'about-podr.Rmd' failed with diagnostics:
    connection to server at "podr.phuse.global" (13.92.128.103), port 5432 failed: Connection timed out
     Is the server running on that host and accepting TCP/IP connections?
    
    --- failed re-building 'about-podr.Rmd'
    
    SUMMARY: processing the following file failed:
     'about-podr.Rmd'
    
    Error: Vignette re-building failed.
    Execution halted
Flavors: r-devel-linux-x86_64-debian-clang, r-devel-linux-x86_64-debian-gcc, r-patched-linux-x86_64, r-release-linux-x86_64

Version: 0.0.5
Check: dependencies in R code
Result: NOTE
    Namespace in Imports field not imported from: ‘plogr’
     All declared Imports should be used.
Flavors: r-devel-linux-x86_64-fedora-clang, r-devel-linux-x86_64-fedora-gcc, r-devel-windows-x86_64-gcc10-UCRT, r-patched-solaris-x86, r-release-macos-arm64, r-release-macos-x86_64, r-oldrel-macos-x86_64

Version: 0.0.5
Check: re-building of vignette outputs
Result: WARN
    Error(s) in re-building vignettes:
    --- re-building ‘about-podr.Rmd’ using rmarkdown
    Quitting from lines 32-37 (about-podr.Rmd)
    Error: processing vignette 'about-podr.Rmd' failed with diagnostics:
    could not connect to server: Connection timed out
     Is the server running on host "podr.phuse.global" (13.92.128.103) and accepting
     TCP/IP connections on port 5432?
    
    --- failed re-building ‘about-podr.Rmd’
    
    SUMMARY: processing the following file failed:
     ‘about-podr.Rmd’
    
    Error: Vignette re-building failed.
    Execution halted
Flavors: r-devel-linux-x86_64-fedora-clang, r-devel-linux-x86_64-fedora-gcc

Version: 0.0.5
Check: re-building of vignette outputs
Result: WARN
    Error(s) in re-building vignettes:
    --- re-building 'about-podr.Rmd' using rmarkdown
    Quitting from lines 32-37 (about-podr.Rmd)
    Error: processing vignette 'about-podr.Rmd' failed with diagnostics:
    could not connect to server: Connection timed out (0x0000274C/10060)
     Is the server running on host "podr.phuse.global" (13.92.128.103) and accepting
     TCP/IP connections on port 5432?
    
    --- failed re-building 'about-podr.Rmd'
    
    SUMMARY: processing the following file failed:
     'about-podr.Rmd'
    
    Error: Vignette re-building failed.
    Execution halted
Flavors: r-devel-windows-x86_64, r-devel-windows-x86_64-gcc10-UCRT, r-release-windows-ix86+x86_64

Version: 0.0.5
Check: re-building of vignette outputs
Result: WARN
    Error(s) in re-building vignettes:
     ...
    --- re-building ‘about-podr.Rmd’ using rmarkdown
    Warning in engine$weave(file, quiet = quiet, encoding = enc) :
     Pandoc (>= 1.12.3) and/or pandoc-citeproc not available. Falling back to R Markdown v1.
    Quitting from lines 42-64 (about-podr.Rmd)
    Error: processing vignette 'about-podr.Rmd' failed with diagnostics:
    cannot open the connection
    --- failed re-building ‘about-podr.Rmd’
    
    SUMMARY: processing the following file failed:
     ‘about-podr.Rmd’
    
    Error: Vignette re-building failed.
    Execution halted
Flavor: r-oldrel-macos-x86_64