Last updated on 2023-10-02 17:01:45 CEST.
Flavor | Version | Tinstall | Tcheck | Ttotal | Status | Flags |
---|---|---|---|---|---|---|
r-devel-linux-x86_64-debian-clang | 0.3-5 | 5.86 | 56.02 | 61.88 | OK | |
r-devel-linux-x86_64-debian-gcc | 0.3-5 | 4.33 | 43.71 | 48.04 | OK | |
r-devel-linux-x86_64-fedora-clang | 0.3-5 | 76.40 | ERROR | |||
r-devel-linux-x86_64-fedora-gcc | 0.3-5 | 73.74 | OK | |||
r-devel-windows-x86_64 | 0.3-5 | 8.00 | 70.00 | 78.00 | OK | |
r-patched-linux-x86_64 | 0.3-5 | 9.43 | 55.34 | 64.77 | OK | |
r-release-linux-x86_64 | 0.3-5 | 4.62 | 55.84 | 60.46 | OK | |
r-release-macos-arm64 | 0.3-5 | 37.00 | OK | |||
r-release-macos-x86_64 | 0.3-5 | 46.00 | OK | |||
r-release-windows-x86_64 | 0.3-5 | 8.00 | 72.00 | 80.00 | OK | |
r-oldrel-macos-arm64 | 0.3-5 | 32.00 | OK | |||
r-oldrel-macos-x86_64 | 0.3-5 | 50.00 | OK | |||
r-oldrel-windows-x86_64 | 0.3-5 | 11.00 | 77.00 | 88.00 | OK |
Version: 0.3-5
Check: examples
Result: ERROR
Running examples in ‘poissonMT-Ex.R’ failed
The error most likely occurred in:
> ### Name: glmrobMT
> ### Title: Robust Fitting of Poisson Generalized Linear Models using MT
> ### robust method
> ### Aliases: glmrobMT
> ### Keywords: robust regression nonlinear
>
> ### ** Examples
>
> data(epilepsy)
> Efit1 <- glm(Ysum ~ Age10 + Base4*Trt, family=poisson, data=epilepsy)
>
> x <- model.matrix( ~ Age10 + Base4*Trt, data=epilepsy)
> poissonMTsetwd(tempdir())
> Efit2 <- glmrobMT(x=x, y=epilepsy$Ysum)
Computing initial estimate
Flavor: r-devel-linux-x86_64-fedora-clang