CRAN Package Check Results for Package politeness

Last updated on 2021-12-01 15:52:06 CET.

Flavor Version Tinstall Tcheck Ttotal Status Flags
r-devel-linux-x86_64-debian-clang 0.8.5 10.90 125.38 136.28 OK
r-devel-linux-x86_64-debian-gcc 0.8.5 8.03 96.07 104.10 OK
r-devel-linux-x86_64-fedora-clang 0.8.5 180.09 NOTE
r-devel-linux-x86_64-fedora-gcc 0.8.5 173.46 NOTE
r-devel-windows-x86_64-new-UL 0.8.5 22.00 177.00 199.00 OK
r-devel-windows-x86_64-new-TK 0.8.5 NOTE
r-devel-windows-x86_64-old 0.8.5 17.00 111.00 128.00 OK
r-patched-linux-x86_64 0.8.5 14.25 118.17 132.42 OK
r-patched-solaris-x86 0.8.5 219.40 NOTE
r-release-linux-x86_64 0.8.5 11.90 116.62 128.52 OK
r-release-macos-arm64 0.8.5 NOTE
r-release-macos-x86_64 0.8.5 NOTE
r-release-windows-ix86+x86_64 0.8.5 25.00 114.00 139.00 OK
r-oldrel-macos-x86_64 0.8.5 NOTE
r-oldrel-windows-ix86+x86_64 0.8.5 18.00 115.00 133.00 OK

Check Details

Version: 0.8.5
Check: data for non-ASCII characters
Result: NOTE
     Note: found 52 marked UTF-8 strings
Flavors: r-devel-linux-x86_64-fedora-clang, r-devel-linux-x86_64-fedora-gcc, r-devel-windows-x86_64-new-TK, r-patched-solaris-x86, r-release-macos-arm64, r-release-macos-x86_64, r-oldrel-macos-x86_64