Last updated on 2023-03-29 04:51:19 CEST.
Flavor | Version | Tinstall | Tcheck | Ttotal | Status | Flags |
---|---|---|---|---|---|---|
r-devel-linux-x86_64-debian-clang | 2.0.0 | 93.11 | 156.54 | 249.65 | OK | |
r-devel-linux-x86_64-debian-gcc | 2.0.0 | 76.46 | 119.23 | 195.69 | OK | |
r-devel-linux-x86_64-fedora-clang | 2.0.0 | 349.81 | NOTE | |||
r-devel-linux-x86_64-fedora-gcc | 2.0.0 | 341.15 | OK | |||
r-devel-windows-x86_64 | 2.0.0 | 134.00 | 0.00 | 134.00 | NOTE | |
r-patched-linux-x86_64 | 2.0.0 | 81.42 | 152.70 | 234.12 | OK | |
r-release-linux-x86_64 | 2.0.0 | 74.22 | 153.21 | 227.43 | OK | |
r-release-macos-arm64 | 2.0.0 | 87.00 | NOTE | |||
r-release-macos-x86_64 | 2.0.0 | 113.00 | NOTE | |||
r-release-windows-x86_64 | 2.0.0 | 129.00 | 232.00 | 361.00 | NOTE | |
r-oldrel-macos-arm64 | 2.0.0 | 85.00 | NOTE | |||
r-oldrel-macos-x86_64 | 2.0.0 | 130.00 | NOTE | |||
r-oldrel-windows-ix86+x86_64 | 2.0.0 | 211.00 | 245.00 | 456.00 | NOTE |
Version: 2.0.0
Check: Rd cross-references
Result: NOTE
Undeclared packages ‘polymapR’, ‘BSgenome’ in Rd xrefs
Flavor: r-devel-linux-x86_64-fedora-clang
Version: 2.0.0
Check: installed package size
Result: NOTE
installed size is 5.5Mb
sub-directories of 1Mb or more:
extdata 2.8Mb
libs 1.3Mb
Flavors: r-devel-windows-x86_64, r-release-macos-arm64, r-release-macos-x86_64, r-release-windows-x86_64, r-oldrel-macos-arm64, r-oldrel-macos-x86_64, r-oldrel-windows-ix86+x86_64
Version: 2.0.0
Check: dependencies in R code
Result: NOTE
Initiating curl with CURL_SSL_BACKEND: openssl
Flavor: r-oldrel-windows-ix86+x86_64