CRAN Package Check Results for Package polyRAD

Last updated on 2021-12-09 07:50:20 CET.

Flavor Version Tinstall Tcheck Ttotal Status Flags
r-devel-linux-x86_64-debian-clang 1.5 79.32 169.18 248.50 OK
r-devel-linux-x86_64-debian-gcc 1.5 63.11 124.74 187.85 OK
r-devel-linux-x86_64-fedora-clang 1.5 353.66 NOTE
r-devel-linux-x86_64-fedora-gcc 1.5 314.10 OK
r-devel-windows-x86_64-new-UL 1.5 113.00 314.00 427.00 NOTE
r-devel-windows-x86_64-new-TK 1.5 OK
r-devel-windows-x86_64-old 1.5 113.00 155.00 268.00 NOTE
r-patched-linux-x86_64 1.5 72.49 164.81 237.30 OK
r-release-linux-x86_64 1.5 76.59 164.37 240.96 OK
r-release-macos-arm64 1.5 NOTE
r-release-macos-x86_64 1.5 NOTE
r-release-windows-ix86+x86_64 1.5 150.00 215.00 365.00 NOTE
r-oldrel-macos-x86_64 1.5 NOTE
r-oldrel-windows-ix86+x86_64 1.5 208.00 243.00 451.00 NOTE

Check Details

Version: 1.5
Check: installed package size
Result: NOTE
     installed size is 8.8Mb
     sub-directories of 1Mb or more:
     extdata 4.0Mb
     libs 3.3Mb
Flavors: r-devel-linux-x86_64-fedora-clang, r-devel-windows-x86_64-new-UL, r-devel-windows-x86_64-old, r-release-macos-arm64, r-release-macos-x86_64, r-release-windows-ix86+x86_64, r-oldrel-macos-x86_64, r-oldrel-windows-ix86+x86_64

Version: 1.5
Check: Rd cross-references
Result: NOTE
    Undeclared packages ‘polymapR’, ‘BSgenome’ in Rd xrefs
Flavor: r-devel-linux-x86_64-fedora-clang