Last updated on 2023-03-29 16:50:23 CEST.
Flavor | Version | Tinstall | Tcheck | Ttotal | Status | Flags |
---|---|---|---|---|---|---|
r-devel-linux-x86_64-debian-clang | 0.2.0 | 17.87 | 31.41 | 49.28 | NOTE | |
r-devel-linux-x86_64-debian-gcc | 0.2.0 | 13.84 | 24.28 | 38.12 | NOTE | |
r-devel-linux-x86_64-fedora-clang | 0.2.0 | 71.85 | NOTE | |||
r-devel-linux-x86_64-fedora-gcc | 0.2.0 | 62.66 | NOTE | |||
r-devel-windows-x86_64 | 0.2.0 | 56.00 | 0.00 | 56.00 | NOTE | |
r-patched-linux-x86_64 | 0.2.0 | 15.37 | 29.96 | 45.33 | NOTE | |
r-release-linux-x86_64 | 0.2.0 | 14.99 | 31.23 | 46.22 | NOTE | |
r-release-macos-arm64 | 0.2.0 | 21.00 | NOTE | |||
r-release-macos-x86_64 | 0.2.0 | 32.00 | NOTE | |||
r-release-windows-x86_64 | 0.2.0 | 36.00 | 86.00 | 122.00 | NOTE | |
r-oldrel-macos-arm64 | 0.2.0 | 25.00 | NOTE | |||
r-oldrel-macos-x86_64 | 0.2.0 | 42.00 | NOTE | |||
r-oldrel-windows-ix86+x86_64 | 0.2.0 | 47.00 | 88.00 | 135.00 | NOTE |
Version: 0.2.0
Check: C++ specification
Result: NOTE
Specified C++11: please drop specification unless essential
Flavors: r-devel-linux-x86_64-debian-clang, r-devel-linux-x86_64-debian-gcc, r-devel-linux-x86_64-fedora-clang, r-devel-linux-x86_64-fedora-gcc, r-devel-windows-x86_64, r-patched-linux-x86_64
Version: 0.2.0
Check: LazyData
Result: NOTE
'LazyData' is specified without a 'data' directory
Flavors: r-devel-linux-x86_64-debian-clang, r-devel-linux-x86_64-debian-gcc, r-devel-linux-x86_64-fedora-clang, r-devel-linux-x86_64-fedora-gcc, r-devel-windows-x86_64, r-patched-linux-x86_64, r-release-linux-x86_64, r-release-macos-arm64, r-release-macos-x86_64, r-release-windows-x86_64, r-oldrel-macos-arm64, r-oldrel-macos-x86_64, r-oldrel-windows-ix86+x86_64