CRAN Package Check Results for Package polyqtlR

Last updated on 2023-03-29 16:50:23 CEST.

Flavor Version Tinstall Tcheck Ttotal Status Flags
r-devel-linux-x86_64-debian-clang 0.0.9 39.19 102.94 142.13 NOTE
r-devel-linux-x86_64-debian-gcc 0.0.9 29.92 77.00 106.92 NOTE
r-devel-linux-x86_64-fedora-clang 0.0.9 186.34 NOTE
r-devel-linux-x86_64-fedora-gcc 0.0.9 196.71 NOTE
r-devel-windows-x86_64 0.0.9 73.00 0.00 73.00 NOTE
r-patched-linux-x86_64 0.0.9 36.24 98.87 135.11 NOTE
r-release-linux-x86_64 0.0.9 25.41 96.78 122.19 OK
r-release-macos-arm64 0.0.9 55.00 NOTE
r-release-macos-x86_64 0.0.9 93.00 NOTE
r-release-windows-x86_64 0.0.9 72.00 153.00 225.00 NOTE
r-oldrel-macos-arm64 0.0.9 58.00 NOTE
r-oldrel-macos-x86_64 0.0.9 70.00 NOTE
r-oldrel-windows-ix86+x86_64 0.0.9 93.00 182.00 275.00 NOTE

Check Details

Version: 0.0.9
Check: C++ specification
Result: NOTE
     Specified C++11: please drop specification unless essential
Flavors: r-devel-linux-x86_64-debian-clang, r-devel-linux-x86_64-debian-gcc, r-devel-linux-x86_64-fedora-clang, r-devel-linux-x86_64-fedora-gcc, r-devel-windows-x86_64, r-patched-linux-x86_64

Version: 0.0.9
Check: installed package size
Result: NOTE
     installed size is 5.8Mb
     sub-directories of 1Mb or more:
     data 2.6Mb
     doc 1.7Mb
     libs 1.0Mb
Flavors: r-devel-windows-x86_64, r-release-macos-arm64, r-release-macos-x86_64, r-release-windows-x86_64, r-oldrel-macos-arm64, r-oldrel-macos-x86_64, r-oldrel-windows-ix86+x86_64