CRAN Package Check Results for Package polyqtlR

Last updated on 2024-03-04 03:52:38 CET.

Flavor Version Tinstall Tcheck Ttotal Status Flags
r-devel-linux-x86_64-debian-clang 0.1.1 45.69 109.48 155.17 OK
r-devel-linux-x86_64-debian-gcc 0.1.1 35.46 80.53 115.99 OK
r-devel-linux-x86_64-fedora-clang 0.1.1 204.72 NOTE
r-devel-linux-x86_64-fedora-gcc 0.1.1 215.45 OK
r-devel-windows-x86_64 0.1.1 36.00 131.00 167.00 NOTE
r-patched-linux-x86_64 0.1.1 31.06 105.51 136.57 OK
r-release-linux-x86_64 0.1.1 33.01 105.98 138.99 OK
r-release-macos-arm64 0.1.1 52.00 NOTE
r-release-macos-x86_64 0.1.1 124.00 NOTE
r-release-windows-x86_64 0.1.1 48.00 152.00 200.00 NOTE
r-oldrel-macos-arm64 0.1.1 61.00 NOTE
r-oldrel-windows-x86_64 0.1.1 45.00 138.00 183.00 NOTE

Check Details

Version: 0.1.1
Check: installed package size
Result: NOTE installed size is 5.1Mb sub-directories of 1Mb or more: data 2.6Mb doc 1.8Mb Flavors: r-devel-linux-x86_64-fedora-clang, r-devel-windows-x86_64, r-release-macos-arm64, r-release-macos-x86_64, r-release-windows-x86_64, r-oldrel-macos-arm64, r-oldrel-windows-x86_64