CRAN Package Check Results for Package poolfstat

Last updated on 2021-12-01 19:51:44 CET.

Flavor Version Tinstall Tcheck Ttotal Status Flags
r-devel-linux-x86_64-debian-clang 2.0.0 39.09 157.58 196.67 OK
r-devel-linux-x86_64-debian-gcc 2.0.0 29.85 125.24 155.09 OK
r-devel-linux-x86_64-fedora-clang 2.0.0 261.51 NOTE
r-devel-linux-x86_64-fedora-gcc 2.0.0 242.15 NOTE
r-devel-windows-x86_64-new-UL 2.0.0 71.00 269.00 340.00 OK
r-devel-windows-x86_64-new-TK 2.0.0 NOTE
r-devel-windows-x86_64-old 2.0.0 62.00 151.00 213.00 OK
r-patched-linux-x86_64 2.0.0 36.22 155.27 191.49 OK
r-patched-solaris-x86 2.0.0 310.50 NOTE
r-release-linux-x86_64 2.0.0 33.37 157.39 190.76 OK
r-release-macos-arm64 2.0.0 NOTE
r-release-macos-x86_64 2.0.0 NOTE
r-release-windows-ix86+x86_64 2.0.0 100.00 211.00 311.00 OK
r-oldrel-macos-x86_64 2.0.0 NOTE
r-oldrel-windows-ix86+x86_64 2.0.0 69.00 277.00 346.00 OK

Check Details

Version: 2.0.0
Check: dependencies in R code
Result: NOTE
    Namespace in Imports field not imported from: ‘RcppProgress’
     All declared Imports should be used.
Flavors: r-devel-linux-x86_64-fedora-clang, r-devel-linux-x86_64-fedora-gcc, r-devel-windows-x86_64-new-TK, r-patched-solaris-x86, r-release-macos-arm64, r-release-macos-x86_64, r-oldrel-macos-x86_64