Last updated on 2023-10-03 01:05:00 CEST.
Flavor | Version | Tinstall | Tcheck | Ttotal | Status | Flags |
---|---|---|---|---|---|---|
r-devel-linux-x86_64-debian-clang | 2.9.4 | 37.52 | 271.06 | 308.58 | NOTE | |
r-devel-linux-x86_64-debian-gcc | 2.9.4 | 24.54 | 200.59 | 225.13 | NOTE | |
r-devel-linux-x86_64-fedora-clang | 2.9.4 | 376.95 | NOTE | |||
r-devel-linux-x86_64-fedora-gcc | 2.9.4 | 374.66 | NOTE | |||
r-devel-windows-x86_64 | 2.9.4 | 38.00 | 252.00 | 290.00 | NOTE | |
r-patched-linux-x86_64 | 2.9.4 | 33.59 | 260.00 | 293.59 | OK | |
r-release-linux-x86_64 | 2.9.4 | 26.55 | 258.54 | 285.09 | OK | |
r-release-macos-arm64 | 2.9.4 | 111.00 | OK | |||
r-release-macos-x86_64 | 2.9.4 | 171.00 | OK | |||
r-release-windows-x86_64 | 2.9.4 | 47.00 | 306.00 | 353.00 | OK | |
r-oldrel-macos-arm64 | 2.9.4 | 76.00 | OK | |||
r-oldrel-macos-x86_64 | 2.9.4 | 136.00 | OK | |||
r-oldrel-windows-x86_64 | 2.9.4 | 48.00 | 289.00 | 337.00 | OK |
Version: 2.9.4
Check: Rd \usage sections
Result: NOTE
Documented arguments not in \usage in documentation object 'initialize,genclone-method':
‘gen’ ‘loc’ ‘treatOther’ ‘quiet’
Functions with \usage entries need to have the appropriate \alias
entries, and all their arguments documented.
The \usage entries must correspond to syntactically valid R code.
See chapter ‘Writing R documentation files’ in the ‘Writing R
Extensions’ manual.
Flavors: r-devel-linux-x86_64-debian-clang, r-devel-linux-x86_64-debian-gcc, r-devel-linux-x86_64-fedora-clang, r-devel-linux-x86_64-fedora-gcc, r-devel-windows-x86_64