Last updated on 2023-03-25 23:51:51 CET.
Flavor | Version | Tinstall | Tcheck | Ttotal | Status | Flags |
---|---|---|---|---|---|---|
r-devel-linux-x86_64-debian-clang | 0.3.1 | 82.58 | 91.48 | 174.06 | OK | |
r-devel-linux-x86_64-debian-gcc | 0.3.1 | 54.55 | 69.82 | 124.37 | OK | |
r-devel-linux-x86_64-fedora-clang | 0.3.1 | 212.40 | OK | |||
r-devel-linux-x86_64-fedora-gcc | 0.3.1 | 201.46 | OK | |||
r-patched-linux-x86_64 | 0.3.1 | 63.56 | 85.92 | 149.48 | OK | |
r-release-linux-x86_64 | 0.3.1 | 55.80 | 85.38 | 141.18 | OK | |
r-release-macos-arm64 | 0.3.1 | 65.00 | NOTE | |||
r-release-macos-x86_64 | 0.3.1 | 70.00 | NOTE | |||
r-release-windows-x86_64 | 0.3.1 | 67.00 | 149.00 | 216.00 | OK | |
r-oldrel-macos-arm64 | 0.3.1 | 62.00 | NOTE | |||
r-oldrel-macos-x86_64 | 0.3.1 | 67.00 | NOTE | |||
r-oldrel-windows-ix86+x86_64 | 0.3.1 | 136.00 | 159.00 | 295.00 | OK |
Version: 0.3.1
Check: installed package size
Result: NOTE
installed size is 6.8Mb
sub-directories of 1Mb or more:
libs 6.5Mb
Flavors: r-release-macos-arm64, r-release-macos-x86_64, r-oldrel-macos-arm64, r-oldrel-macos-x86_64