CRAN Package Check Results for Package portfolio

Last updated on 2023-05-28 04:56:23 CEST.

Flavor Version Tinstall Tcheck Ttotal Status Flags
r-devel-linux-x86_64-debian-clang 0.5-2 8.01 99.36 107.37 NOTE
r-devel-linux-x86_64-debian-gcc 0.5-2 6.20 79.23 85.43 NOTE
r-devel-linux-x86_64-fedora-clang 0.5-2 138.26 NOTE
r-devel-linux-x86_64-fedora-gcc 0.5-2 143.71 NOTE
r-devel-windows-x86_64 0.5-2 9.00 132.00 141.00 NOTE
r-patched-linux-x86_64 0.5-2 7.25 97.56 104.81 NOTE
r-release-linux-x86_64 0.5-2 6.71 96.86 103.57 NOTE
r-release-macos-arm64 0.5-2 60.00 NOTE
r-release-macos-x86_64 0.5-2 87.00 NOTE
r-release-windows-x86_64 0.5-2 10.00 137.00 147.00 NOTE
r-oldrel-macos-arm64 0.5-2 52.00 OK
r-oldrel-macos-x86_64 0.5-2 71.00 OK
r-oldrel-windows-x86_64 0.5-2 11.00 162.00 173.00 OK

Check Details

Version: 0.5-2
Check: Rd files
Result: NOTE
    checkRd: (-1) tradelist-class.Rd:91: Escaped LaTeX specials: \$
Flavors: r-devel-linux-x86_64-debian-clang, r-devel-linux-x86_64-debian-gcc, r-devel-linux-x86_64-fedora-clang, r-devel-linux-x86_64-fedora-gcc, r-devel-windows-x86_64, r-patched-linux-x86_64, r-release-linux-x86_64, r-release-macos-arm64, r-release-macos-x86_64, r-release-windows-x86_64